{"version":"1.0","type":"rich","provider_name":"Site Pagestec","provider_url":"https:\/\/www.pagestec.org","title":"Michel M\u00e9nard, D\u00e9put\u00e9 de Loire-Atlantique, questionne Mme&nbsp;La Ministre sur le sort de la Technologie","author_name":"Pagestec","width":"480","height":"295","url":"https:\/\/pagestec.org\/article1043.html","html":"\u003Ch4 class='title'\u003E\u003Ca href='https:\/\/pagestec.org\/article1043.html'\u003EMichel M\u00e9nard, D\u00e9put\u00e9 de Loire-Atlantique, questionne Mme&nbsp;La Ministre sur le sort de la Technologie\u003C\/a\u003E\u003C\/h4\u003E\u003Cblockquote class='spip'\u003E\n\u003Cp\u003EA l\u2019initiative d\u2019Isabelle Gr\u00e9gam et de S\u00e9bastien Canet, professeurs de Technologie et repr\u00e9sentants de Pagestec lors d\u2019un entretien avec M.&nbsp;Le D\u00e9put\u00e9 Michel M\u00e9nard concernant le sort de notre discipline, voici ci-dessous le courrier envoy\u00e9 par ce d\u00e9put\u00e9 \u00e0 Madame La Ministre Najad Vallaud-Belkacem.\n\u003Cbr class='autobr' \/\u003E\n\t\n\n\tAvec tous les remerciements de Pagestec \u00e0 Isabelle et S\u00e9bastien pour leur investissement.&nbsp;(...)\u003C\/p\u003E\n\u003C\/blockquote\u003E\n"}

Michel Ménard, Député de Loire-Atlantique, questionne Mme&nbsp;La Ministre sur le sort de la Technologie

<h4 class='title'><a href='https://pagestec.org/article1043.html'>Michel Ménard, Député de Loire-Atlantique, questionne Mme&nbsp;La Ministre sur le sort de la Technologie</a></h4><blockquote class='spip'>
<p>A l’initiative d’Isabelle Grégam et de Sébastien Canet, professeurs de Technologie et représentants de Pagestec lors d’un entretien avec M.&nbsp;Le Député Michel Ménard concernant le sort de notre discipline, voici ci-dessous le courrier envoyé par ce député à Madame La Ministre Najad Vallaud-Belkacem.
<br class='autobr' />
	

	Avec tous les remerciements de Pagestec à Isabelle et Sébastien pour leur investissement.&nbsp;(...)</p>
</blockquote>
