{"version":"1.0","type":"rich","provider_name":"Site Pagestec","provider_url":"https:\/\/www.pagestec.org","title":"Des continents invisibles&nbsp;!","author_name":"no-spam@yourdomaine.com (D\u00e9tr\u00e9e)","width":"480","height":"295","url":"https:\/\/pagestec.org\/article1050.html","html":"\u003Ch4 class='title'\u003E\u003Ca href='https:\/\/pagestec.org\/article1050.html'\u003EDes continents invisibles&nbsp;!\u003C\/a\u003E\u003C\/h4\u003E\u003Cblockquote class='spip'\u003E\n\u003Cp\u003EL\u2019An@\u00e9 \u00e9tait invit\u00e9e \u00e0 la conf\u00e9rence de presse mercredi 24 juin au si\u00e8ge du Cluster Maritime Fran\u00e7ais pour le retour\u2026 Il vient de terminer une exploration dans le gyre de plastique de l\u2019atlantique nord.  Le but de cette 4\u00e8me exp\u00e9dition qui s\u2019est achev\u00e9e le 18 juin \u00e0 la Martinique est d\u2019alerter sur (...)\u003C\/p\u003E\n\u003C\/blockquote\u003E\n"}

no-spam@yourdomaine.com (Détrée)

<h4 class='title'><a href='https://pagestec.org/article1050.html'>Des continents invisibles&nbsp;!</a></h4><blockquote class='spip'>
<p>L’An@é était invitée à la conférence de presse mercredi 24 juin au siège du Cluster Maritime Français pour le retour… Il vient de terminer une exploration dans le gyre de plastique de l’atlantique nord.  Le but de cette 4ème expédition qui s’est achevée le 18 juin à la Martinique est d’alerter sur (...)</p>
</blockquote>
