{"version":"1.0","type":"rich","provider_name":"Site Pagestec","provider_url":"https:\/\/www.pagestec.org","title":"Ressources Climat 2015","author_name":"no-spam@yourdomaine.com (An@\u00e9)","width":"480","height":"295","url":"https:\/\/pagestec.org\/article1092.html","html":"\u003Ch4 class='title'\u003E\u003Ca href='https:\/\/pagestec.org\/article1092.html'\u003ERessources Climat 2015\u003C\/a\u003E\u003C\/h4\u003E\u003Cblockquote class='spip'\u003E\n\u003Cp\u003EDans la perspective de la conf\u00e9rence Paris Climat 2015, le Fonds d\u2019Alembert soutient, en 2015, l\u2019organisation de d\u00e9bats d\u2019id\u00e9es consacr\u00e9s\u2026Expositions scientifiques Expositions de l\u2019Institut fran\u00e7ais L\u2019Institut fran\u00e7ais met \u00e0 la disposition du r\u00e9seau culturel fran\u00e7ais et de ses partenaires des expositions (...)\u003C\/p\u003E\n\u003C\/blockquote\u003E\n"}

no-spam@yourdomaine.com (An@é)

<h4 class='title'><a href='https://pagestec.org/article1092.html'>Ressources Climat 2015</a></h4><blockquote class='spip'>
<p>Dans la perspective de la conférence Paris Climat 2015, le Fonds d’Alembert soutient, en 2015, l’organisation de débats d’idées consacrés…Expositions scientifiques Expositions de l’Institut français L’Institut français met à la disposition du réseau culturel français et de ses partenaires des expositions (...)</p>
</blockquote>
