{"version":"1.0","type":"rich","provider_name":"Site Pagestec","provider_url":"https:\/\/www.pagestec.org","title":"S&#233;minaire GRDS 12 novembre&nbsp;: les enjeux cach&#233;s de l&#8217;interdisciplinarit&#233;","author_name":"L&#8217;\u00e9quipe du GRDS","width":"480","height":"295","url":"https:\/\/pagestec.org\/article1248.html","html":"\u003Ch4 class='title'\u003E\u003Ca href='https:\/\/pagestec.org\/article1248.html'\u003ES&#233;minaire GRDS 12 novembre&nbsp;: les enjeux cach&#233;s de l&#8217;interdisciplinarit&#233;\u003C\/a\u003E\u003C\/h4\u003E\u003Cblockquote class='spip'\u003E\n\u003Cp\u003ELa prochaine s\u00e9ance du s\u00e9minaire public du GRDS aura lieu jeudi 12 novembre \u00e0 18H30, \u00e0 l\u2019espace Niemeyer (place du colonel Fabien, Paris 19\u00e8me, m\u00e9tro Colonel Fabien ligne 2), salle 25. Le th\u00e8me du d\u00e9bat sera pr\u00e9sent\u00e9 par Jean-Pierre Terrail, du GRDS, sous l\u2019intitul\u00e9&nbsp;: \"Les enjeux cach\u00e9s de (...)\u003C\/p\u003E\n\u003C\/blockquote\u003E\n"}

L&#8217;équipe du GRDS

<h4 class='title'><a href='https://pagestec.org/article1248.html'>S&#233;minaire GRDS 12 novembre&nbsp;: les enjeux cach&#233;s de l&#8217;interdisciplinarit&#233;</a></h4><blockquote class='spip'>
<p>La prochaine séance du séminaire public du GRDS aura lieu jeudi 12 novembre à 18H30, à l’espace Niemeyer (place du colonel Fabien, Paris 19ème, métro Colonel Fabien ligne 2), salle 25. Le thème du débat sera présenté par Jean-Pierre Terrail, du GRDS, sous l’intitulé&nbsp;: "Les enjeux cachés de (...)</p>
</blockquote>
