{"version":"1.0","type":"rich","provider_name":"Site Pagestec","provider_url":"https:\/\/www.pagestec.org","title":"Les enjeux cach&#233;s de l&#8217;&#171;&nbsp;interdisciplinarit&#233;&nbsp;&#187; au coll&#232;ge","author_name":"Jean-Pierre Terrail","width":"480","height":"295","url":"https:\/\/pagestec.org\/article1291.html","html":"\u003Ch4 class='title'\u003E\u003Ca href='https:\/\/pagestec.org\/article1291.html'\u003ELes enjeux cach&#233;s de l&#8217;&#171;&nbsp;interdisciplinarit&#233;&nbsp;&#187; au coll&#232;ge\u003C\/a\u003E\u003C\/h4\u003E\u003Cblockquote class='spip'\u003E\n\u003Cp\u003EL\u2019actuelle r\u00e9forme du coll\u00e8ge, cens\u00e9e entrer en vigueur \u00e0 la rentr\u00e9e 2016, introduit dans la charte des enseignements une &#171;&nbsp;mati\u00e8re&nbsp;&#187; nouvelle, ou plut\u00f4t de &#171;&nbsp;nouvelles modalit\u00e9s d\u2019enseignement&nbsp;&#187;, les EPI, enseignements pratiques interdisciplinaires. Ces EPI doivent \u00eatre organis\u00e9s autour de huit (...)\u003C\/p\u003E\n\u003C\/blockquote\u003E\n"}

<h4 class='title'><a href='https://pagestec.org/article1291.html'>Les enjeux cach&#233;s de l&#8217;&#171;&nbsp;interdisciplinarit&#233;&nbsp;&#187; au coll&#232;ge</a></h4><blockquote class='spip'>
<p>L’actuelle réforme du collège, censée entrer en vigueur à la rentrée 2016, introduit dans la charte des enseignements une &#171;&nbsp;matière&nbsp;&#187; nouvelle, ou plutôt de &#171;&nbsp;nouvelles modalités d’enseignement&nbsp;&#187;, les EPI, enseignements pratiques interdisciplinaires. Ces EPI doivent être organisés autour de huit (...)</p>
</blockquote>
