{"version":"1.0","type":"rich","provider_name":"Site Pagestec","provider_url":"https:\/\/www.pagestec.org","title":"Audience au Conseil Sup\u00e9rieur des Programmes","author_name":"Secretaire","width":"480","height":"295","url":"https:\/\/pagestec.org\/article134.html","html":"\u003Ch4 class='title'\u003E\u003Ca href='https:\/\/pagestec.org\/article134.html'\u003EAudience au Conseil Sup\u00e9rieur des Programmes\u003C\/a\u003E\u003C\/h4\u003E\u003Cblockquote class='spip'\u003E\n\u003Cp\u003ELe mercredi 16 avril 2014 \u00e0 14h30, l\u2019association PAGESTEC repr\u00e9sent\u00e9e par Charles FREOU, pr\u00e9sident, et Xavier HERBAUX, secr\u00e9taire, \u00e9tait re\u00e7ue par Alain BOISSINOT, pr\u00e9sident du CSP, V\u00e9ronique FOUQUAT, secr\u00e9taire, et Anne-Laure MONNIER. \n\u003Cbr class='autobr' \/\u003E\n \tAlain BOISSINOT a tout d\u2019abord pr\u00e9sent\u00e9 les missions du Conseil Sup\u00e9rieur des Programmes et les prochaines \u00e9ch\u00e9ances, \u00e0 savoir la r\u00e9vision du socle commun des connaissances et des comp\u00e9tences \u00e0 livrer pour mai 2014, la refonte des programmes des sections de maternelles et de&nbsp;(...)\u003C\/p\u003E\n\u003C\/blockquote\u003E\n"}

Audience au Conseil Supérieur des Programmes

<h4 class='title'><a href='https://pagestec.org/article134.html'>Audience au Conseil Supérieur des Programmes</a></h4><blockquote class='spip'>
<p>Le mercredi 16 avril 2014 à 14h30, l’association PAGESTEC représentée par Charles FREOU, président, et Xavier HERBAUX, secrétaire, était reçue par Alain BOISSINOT, président du CSP, Véronique FOUQUAT, secrétaire, et Anne-Laure MONNIER. 
<br class='autobr' />
 	Alain BOISSINOT a tout d’abord présenté les missions du Conseil Supérieur des Programmes et les prochaines échéances, à savoir la révision du socle commun des connaissances et des compétences à livrer pour mai 2014, la refonte des programmes des sections de maternelles et de&nbsp;(...)</p>
</blockquote>
