{"version":"1.0","type":"rich","provider_name":"Site Pagestec","provider_url":"https:\/\/www.pagestec.org","title":"Pagestec sur France Info","author_name":"Secretaire","width":"480","height":"295","url":"https:\/\/pagestec.org\/article141.html","html":"\u003Ch4 class='title'\u003E\u003Ca href='https:\/\/pagestec.org\/article141.html'\u003EPagestec sur France Info\u003C\/a\u003E\u003C\/h4\u003E\u003Cblockquote class='spip'\u003E\n\u003Cp\u003ECe mardi 21 janvier 2014, Emmanuel DAVIDENKOFF, sp\u00e9cialiste de l\u2019\u00e9ducation, directeur de la r\u00e9daction de l\u2019Etudiant a bas\u00e9 sa chronique \"Question d\u2019\u00e9ducation\" sur France Info sur notre consultation \"Enseignement de l\u2019informatique et Technologie\". \n\u003Cbr class='autobr' \/\u003E\n \t\t\t\t\tApr\u00e8s l\u2019acad\u00e9mie des sciences l\u2019an pass\u00e9, c\u2019est une association de professeurs de technologie qui tire la sonnette d\u2019alarme&nbsp;: les \u00e9l\u00e8ves fran\u00e7ais sont nuls en informatique... \n\u003Cbr class='autobr' \/\u003E\n \t\t\t\t\t Une association baptis\u00e9e Pagestec. Elle vient de r\u00e9aliser une vaste enqu\u00eate&nbsp;(...)\u003C\/p\u003E\n\u003C\/blockquote\u003E\n"}

<h4 class='title'><a href='https://pagestec.org/article141.html'>Pagestec sur France Info</a></h4><blockquote class='spip'>
<p>Ce mardi 21 janvier 2014, Emmanuel DAVIDENKOFF, spécialiste de l’éducation, directeur de la rédaction de l’Etudiant a basé sa chronique "Question d’éducation" sur France Info sur notre consultation "Enseignement de l’informatique et Technologie". 
<br class='autobr' />
 					Après l’académie des sciences l’an passé, c’est une association de professeurs de technologie qui tire la sonnette d’alarme&nbsp;: les élèves français sont nuls en informatique... 
<br class='autobr' />
 					 Une association baptisée Pagestec. Elle vient de réaliser une vaste enquête&nbsp;(...)</p>
</blockquote>
