{"version":"1.0","type":"rich","provider_name":"Site Pagestec","provider_url":"https:\/\/www.pagestec.org","title":"[Mediapart] Pourquoi les profs vont boycotter l&#039;accord Microsoft-\u00c9ducation Nationale","author_name":"echarpentier","width":"480","height":"295","url":"https:\/\/pagestec.org\/article1729.html","html":"\u003Ch4 class='title'\u003E\u003Ca href='https:\/\/pagestec.org\/article1729.html'\u003E[Mediapart] Pourquoi les profs vont boycotter l&#039;accord Microsoft-\u00c9ducation Nationale\u003C\/a\u003E\u003C\/h4\u003E\u003Cblockquote class='spip'\u003E\n\u003Cp\u003EExtrait de l\u2019article du site Mediapart par Bruno Menan en date du vendredi 18 mars 2016&nbsp;: \n\u003Cbr class='autobr' \/\u003E\n&#171;&nbsp;Au-del\u00e0 des raisons \u00e9thiques que nous avons d\u00e9j\u00e0 expos\u00e9es, c\u2019est pour de simples raisons de bons sens que les enseignants vont massivement refuser d\u2019utiliser les \"outils\" mis gracieusement \u00e0 leur disposition par la multinationale.&nbsp;&#187; \n\u003Cbr class='autobr' \/\u003E\nLien vers l\u2019article original&nbsp;: https:\/\/blogs.mediapart.fr\/ilian-amar\/blog\/180316\/pourquoi-les-profs-vont-boycotter-laccord-microsoft-education-nationale \n\u003Cbr class='autobr' \/\u003E\n-- - \n\u003Cbr class='autobr' \/\u003E\n* \"Un partenariat&nbsp;(...)\u003C\/p\u003E\n\u003C\/blockquote\u003E\n"}

[Mediapart] Pourquoi les profs vont boycotter l&#039;accord Microsoft-Éducation Nationale

<h4 class='title'><a href='https://pagestec.org/article1729.html'>[Mediapart] Pourquoi les profs vont boycotter l&#039;accord Microsoft-Éducation Nationale</a></h4><blockquote class='spip'>
<p>Extrait de l’article du site Mediapart par Bruno Menan en date du vendredi 18 mars 2016&nbsp;: 
<br class='autobr' />
&#171;&nbsp;Au-delà des raisons éthiques que nous avons déjà exposées, c’est pour de simples raisons de bons sens que les enseignants vont massivement refuser d’utiliser les "outils" mis gracieusement à leur disposition par la multinationale.&nbsp;&#187; 
<br class='autobr' />
Lien vers l’article original&nbsp;: https://blogs.mediapart.fr/ilian-amar/blog/180316/pourquoi-les-profs-vont-boycotter-laccord-microsoft-education-nationale 
<br class='autobr' />
-- - 
<br class='autobr' />
* "Un partenariat&nbsp;(...)</p>
</blockquote>
