{"version":"1.0","type":"rich","provider_name":"Site Pagestec","provider_url":"https:\/\/www.pagestec.org","title":"Solar Impulse&nbsp;: c\u2019est reparti","author_name":"Jean-Fran\u00e7ois Preveraud","width":"480","height":"295","url":"https:\/\/pagestec.org\/article1780.html","html":"\u003Ch4 class='title'\u003E\u003Ca href='https:\/\/pagestec.org\/article1780.html'\u003ESolar Impulse&nbsp;: c\u2019est reparti\u003C\/a\u003E\u003C\/h4\u003E\u003Cblockquote class='spip'\u003E\n\u003Cp\u003EL\u2019avion solaire a d\u00e9coll\u00e9 ce soir d\u2019Hawa\u00ef pour la 9e \u00e9tape de son tour du monde \u00e0 destination de la Californie. Apr\u00e8s 9 mois d\u2019escale forc\u00e9e \u00e0 Hawa\u00ef, Solar Impulse 2, avec cette fois Bertrand Picard aux commandes, a d\u00e9coll\u00e9 pour sa 9e \u00e9tape, qui devrait l\u2019emmener \u00e0 Mountain View, en [\u2026] Lire l\u2019article\u003C\/p\u003E\n\u003C\/blockquote\u003E\n"}

Jean-François Preveraud

<h4 class='title'><a href='https://pagestec.org/article1780.html'>Solar Impulse&nbsp;: c’est reparti</a></h4><blockquote class='spip'>
<p>L’avion solaire a décollé ce soir d’Hawaï pour la 9e étape de son tour du monde à destination de la Californie. Après 9 mois d’escale forcée à Hawaï, Solar Impulse 2, avec cette fois Bertrand Picard aux commandes, a décollé pour sa 9e étape, qui devrait l’emmener à Mountain View, en […] Lire l’article</p>
</blockquote>
