{"version":"1.0","type":"rich","provider_name":"Site Pagestec","provider_url":"https:\/\/www.pagestec.org","title":"Drones Civils Professionnels&nbsp;: un march\u00e9 fran\u00e7ais qui peine \u00e0 d\u00e9coller","author_name":"Philippe Passebon","width":"480","height":"295","url":"https:\/\/pagestec.org\/article1825.html","html":"\u003Ch4 class='title'\u003E\u003Ca href='https:\/\/pagestec.org\/article1825.html'\u003EDrones Civils Professionnels&nbsp;: un march\u00e9 fran\u00e7ais qui peine \u00e0 d\u00e9coller\u003C\/a\u003E\u003C\/h4\u003E\u003Cblockquote class='spip'\u003E\n\u003Cp\u003EAlcimed, soci\u00e9t\u00e9 de conseil en innovation et d\u00e9veloppement de nouveaux march\u00e9s, nous livre la synth\u00e8se d&#39;une analyse r\u00e9alis\u00e9e pour le compte du CNES (Centre National d\u2019Etudes Spatiales) sur l\u2019usage des drones en France pour des utilisations civiles en Observation de la Terre. Le march\u00e9 des drones civils professionnels en [\u2026] Lire l\u2019article\u003C\/p\u003E\n\u003C\/blockquote\u003E\n"}

Drones Civils Professionnels&nbsp;: un marché français qui peine à décoller

<h4 class='title'><a href='https://pagestec.org/article1825.html'>Drones Civils Professionnels&nbsp;: un marché français qui peine à décoller</a></h4><blockquote class='spip'>
<p>Alcimed, société de conseil en innovation et développement de nouveaux marchés, nous livre la synthèse d&#39;une analyse réalisée pour le compte du CNES (Centre National d’Etudes Spatiales) sur l’usage des drones en France pour des utilisations civiles en Observation de la Terre. Le marché des drones civils professionnels en […] Lire l’article</p>
</blockquote>
