{"version":"1.0","type":"rich","provider_name":"Site Pagestec","provider_url":"https:\/\/www.pagestec.org","title":"L\u2019accident mortel de Tesla ne va pas ralentir le d\u00e9ploiement des v\u00e9hicules autonomes","author_name":"Juliette Raynal","width":"480","height":"295","url":"https:\/\/pagestec.org\/article1904.html","html":"\u003Ch4 class='title'\u003E\u003Ca href='https:\/\/pagestec.org\/article1904.html'\u003EL\u2019accident mortel de Tesla ne va pas ralentir le d\u00e9ploiement des v\u00e9hicules autonomes\u003C\/a\u003E\u003C\/h4\u003E\u003Cblockquote class='spip'\u003E\n\u003Cp\u003EAux Etats-Unis, une enqu\u00eate a \u00e9t\u00e9 ouverte \u00e0 la suite d\u2019un premier accident mortel impliquant un v\u00e9hicule en mode &quot;autopilot&quot;. Selon Guillaume Crunelle, associ\u00e9 responsable de l\u2019industrie automobile chez Deloitte, cet accident ne freinera pas le d\u00e9veloppement des v\u00e9hicules autonomes. En revanche, il pose la question de [\u2026] Lire l\u2019article\u003C\/p\u003E\n\u003C\/blockquote\u003E\n"}

L’accident mortel de Tesla ne va pas ralentir le déploiement des véhicules autonomes

<h4 class='title'><a href='https://pagestec.org/article1904.html'>L’accident mortel de Tesla ne va pas ralentir le déploiement des véhicules autonomes</a></h4><blockquote class='spip'>
<p>Aux Etats-Unis, une enquête a été ouverte à la suite d’un premier accident mortel impliquant un véhicule en mode &quot;autopilot&quot;. Selon Guillaume Crunelle, associé responsable de l’industrie automobile chez Deloitte, cet accident ne freinera pas le développement des véhicules autonomes. En revanche, il pose la question de […] Lire l’article</p>
</blockquote>
