{"version":"1.0","type":"rich","provider_name":"Site Pagestec","provider_url":"https:\/\/www.pagestec.org","title":"Paris, 1er, 2 septembre, ED tech&nbsp;: les humanit\u00e9s num\u00e9riques pour l\u2019\u00e9ducation","author_name":"no-spam@yourdomaine.com (An@\u00e9)","width":"480","height":"295","url":"https:\/\/pagestec.org\/article1919.html","html":"\u003Ch4 class='title'\u003E\u003Ca href='https:\/\/pagestec.org\/article1919.html'\u003EParis, 1er, 2 septembre, ED tech&nbsp;: les humanit\u00e9s num\u00e9riques pour l\u2019\u00e9ducation\u003C\/a\u003E\u003C\/h4\u003E\u003Cblockquote class='spip'\u003E\n\u003Cp\u003ELa dimension \u00e9ducative des humanit\u00e9s num\u00e9riques s\u2019exprime de diverses mani\u00e8res&nbsp;: transmission de comp\u00e9tences dans et hors des institutions \u00e9ducatives, formation\u2026 Un texte repris de la pr\u00e9sentation sur le blog du colloque  Le colloque Edcamp &#171;&nbsp;Les humanit\u00e9s num\u00e9riques pour l\u2019\u00e9ducation&nbsp;&#187; propose d\u2019explorer (...)\u003C\/p\u003E\n\u003C\/blockquote\u003E\n"}

Paris, 1er, 2 septembre, ED tech&nbsp;: les humanités numériques pour l’éducation

no-spam@yourdomaine.com (An@é)

<h4 class='title'><a href='https://pagestec.org/article1919.html'>Paris, 1er, 2 septembre, ED tech&nbsp;: les humanités numériques pour l’éducation</a></h4><blockquote class='spip'>
<p>La dimension éducative des humanités numériques s’exprime de diverses manières&nbsp;: transmission de compétences dans et hors des institutions éducatives, formation… Un texte repris de la présentation sur le blog du colloque  Le colloque Edcamp &#171;&nbsp;Les humanités numériques pour l’éducation&nbsp;&#187; propose d’explorer (...)</p>
</blockquote>
