{"version":"1.0","type":"rich","provider_name":"Site Pagestec","provider_url":"https:\/\/www.pagestec.org","title":"Les 11-18 ans et la protection de leurs donn\u00e9es personnelles","author_name":"no-spam@yourdomaine.com (An@\u00e9)","width":"480","height":"295","url":"https:\/\/pagestec.org\/article1923.html","html":"\u003Ch4 class='title'\u003E\u003Ca href='https:\/\/pagestec.org\/article1923.html'\u003ELes 11-18 ans et la protection de leurs donn\u00e9es personnelles\u003C\/a\u003E\u003C\/h4\u003E\u003Cblockquote class='spip'\u003E\n\u003Cp\u003EPubli\u00e9 sur Educnum.fr&nbsp;: G\u00e9n\u00e9ration num\u00e9rique et la CNIL, partenaires du collectif EDUCNUM, ont men\u00e9 une enqu\u00eate aupr\u00e8s des 11-18\u2026  Etude online men\u00e9e par l\u2019association G\u00e9n\u00e9ration Num\u00e9rique, aupr\u00e8s de 9 214 jeunes de 11 \u00e0 18 ans du 2 mai au 10 juin 2016. Le param\u00e9trage, le blocage publicitaire et la s\u00e9curit\u00e9 (...)\u003C\/p\u003E\n\u003C\/blockquote\u003E\n"}

Les 11-18 ans et la protection de leurs données personnelles

no-spam@yourdomaine.com (An@é)

<h4 class='title'><a href='https://pagestec.org/article1923.html'>Les 11-18 ans et la protection de leurs données personnelles</a></h4><blockquote class='spip'>
<p>Publié sur Educnum.fr&nbsp;: Génération numérique et la CNIL, partenaires du collectif EDUCNUM, ont mené une enquête auprès des 11-18…  Etude online menée par l’association Génération Numérique, auprès de 9 214 jeunes de 11 à 18 ans du 2 mai au 10 juin 2016. Le paramétrage, le blocage publicitaire et la sécurité (...)</p>
</blockquote>
