{"version":"1.0","type":"rich","provider_name":"Site Pagestec","provider_url":"https:\/\/www.pagestec.org","title":"Climat&nbsp;: les r\u00e9troactions, question cl\u00e9 de la sensibilit\u00e9 climatique","author_name":"Enseignant Chercheur Physique, \nYves Fouquart","width":"480","height":"295","url":"https:\/\/pagestec.org\/article1954.html","html":"\u003Ch4 class='title'\u003E\u003Ca href='https:\/\/pagestec.org\/article1954.html'\u003EClimat&nbsp;: les r\u00e9troactions, question cl\u00e9 de la sensibilit\u00e9 climatique\u003C\/a\u003E\u003C\/h4\u003E\u003Cblockquote class='spip'\u003E\n\u003Cp\u003ELa variation de temp\u00e9rature face \u00e0 l\u2019augmentation des gaz \u00e0 effet de serre d\u00e9pend des nombreuses r\u00e9troactions du syst\u00e8me climatique&nbsp;: vapeur d\u2019eau, dioxyde de carbone...\u003C\/p\u003E\n\u003C\/blockquote\u003E\n"}

Climat&nbsp;: les rétroactions, question clé de la sensibilité climatique

<h4 class='title'><a href='https://pagestec.org/article1954.html'>Climat&nbsp;: les rétroactions, question clé de la sensibilité climatique</a></h4><blockquote class='spip'>
<p>La variation de température face à l’augmentation des gaz à effet de serre dépend des nombreuses rétroactions du système climatique&nbsp;: vapeur d’eau, dioxyde de carbone...</p>
</blockquote>
