{"version":"1.0","type":"rich","provider_name":"Site Pagestec","provider_url":"https:\/\/www.pagestec.org","title":"EDF inaugure une centrale photovolta\u00efque au c\u0153ur du d\u00e9sert d&amp;#039&nbsp;;Atacama","author_name":"Jean-Fran\u00e7ois SERREAU","width":"480","height":"295","url":"https:\/\/pagestec.org\/article2128.html","html":"\u003Ch4 class='title'\u003E\u003Ca href='https:\/\/pagestec.org\/article2128.html'\u003EEDF inaugure une centrale photovolta\u00efque au c\u0153ur du d\u00e9sert d&amp;#039&nbsp;;Atacama\u003C\/a\u003E\u003C\/h4\u003E\u003Cblockquote class='spip'\u003E\n\u003Cp\u003EEDF a saisi l\u2019opportunit\u00e9 de se d\u00e9velopper au Chili alors que le pays a lanc\u00e9 un vaste plan d\u2019\u00e9volution de son mix \u00e9nerg\u00e9tique vers les renouvelables. Avec 146 MW, il s\u2019agit du plus grand champ...\u003C\/p\u003E\n\u003C\/blockquote\u003E\n"}

EDF inaugure une centrale photovoltaïque au cœur du désert d&amp;#039&nbsp;;Atacama

Jean-François SERREAU

<h4 class='title'><a href='https://pagestec.org/article2128.html'>EDF inaugure une centrale photovoltaïque au cœur du désert d&amp;#039&nbsp;;Atacama</a></h4><blockquote class='spip'>
<p>EDF a saisi l’opportunité de se développer au Chili alors que le pays a lancé un vaste plan d’évolution de son mix énergétique vers les renouvelables. Avec 146 MW, il s’agit du plus grand champ...</p>
</blockquote>
