{"version":"1.0","type":"rich","provider_name":"Site Pagestec","provider_url":"https:\/\/www.pagestec.org","title":"Le bilan de la r\u00e9forme de la voie technologique - Rapport conjoint IGEN \/ IGAENR - Novembre 2016 ","author_name":"Pagestec","width":"480","height":"295","url":"https:\/\/pagestec.org\/article2186.html","html":"\u003Ch4 class='title'\u003E\u003Ca href='https:\/\/pagestec.org\/article2186.html'\u003ELe bilan de la r\u00e9forme de la voie technologique - Rapport conjoint IGEN \/ IGAENR - Novembre 2016 \u003C\/a\u003E\u003C\/h4\u003E\u003Cblockquote class='spip'\u003E\n\u003Cp\u003ESource education .gouv.fr&nbsp;: \n\u003Cbr class='autobr' \/\u003E\n \tL\u2019ancrage de la voie technologique dans le syst\u00e8me \u00e9ducatif fran\u00e7ais est profond. Toutefois, avec la tendance d\u2019une orientation accrue des \u00e9l\u00e8ves vers la voie g\u00e9n\u00e9rale et de la mise en place du baccalaur\u00e9at professionnel en trois ans, des interrogations \u00e9mergent sur le positionnement, voire le devenir de la voie technologique. \n\u003Cbr class='autobr' \/\u003E\n\tC\u2019est dans cette perspective que la mission conjointe IGEN - IGAENR a r\u00e9alis\u00e9 un bilan de la r\u00e9forme de la voie technologique \u00e0 partir d\u2019un&nbsp;(...)\u003C\/p\u003E\n\u003C\/blockquote\u003E\n"}

Le bilan de la réforme de la voie technologique - Rapport conjoint IGEN / IGAENR - Novembre 2016

<h4 class='title'><a href='https://pagestec.org/article2186.html'>Le bilan de la réforme de la voie technologique - Rapport conjoint IGEN / IGAENR - Novembre 2016 </a></h4><blockquote class='spip'>
<p>Source education .gouv.fr&nbsp;: 
<br class='autobr' />
 	L’ancrage de la voie technologique dans le système éducatif français est profond. Toutefois, avec la tendance d’une orientation accrue des élèves vers la voie générale et de la mise en place du baccalauréat professionnel en trois ans, des interrogations émergent sur le positionnement, voire le devenir de la voie technologique. 
<br class='autobr' />
	C’est dans cette perspective que la mission conjointe IGEN - IGAENR a réalisé un bilan de la réforme de la voie technologique à partir d’un&nbsp;(...)</p>
</blockquote>
