{"version":"1.0","type":"rich","provider_name":"Site Pagestec","provider_url":"https:\/\/www.pagestec.org","title":"Retour sur la r&#233;forme du coll&#232;ge (3) R&#233;fl&#233;chir &#224; partir de l&#8217;activit&#233; enseignante","author_name":"Jos\u00e9 Tovar, \nYves Baunay","width":"480","height":"295","url":"https:\/\/pagestec.org\/article2189.html","html":"\u003Ch4 class='title'\u003E\u003Ca href='https:\/\/pagestec.org\/article2189.html'\u003ERetour sur la r&#233;forme du coll&#232;ge (3) R&#233;fl&#233;chir &#224; partir de l&#8217;activit&#233; enseignante\u003C\/a\u003E\u003C\/h4\u003E\u003Cblockquote class='spip'\u003E\n\u003Cp\u003E[Le GRDS a invit\u00e9 deux enseignants, lors de la s\u00e9ance du s\u00e9minaire public du 29 novembre 2016, \u00e0 mettre en d\u00e9bat leurs r\u00e9flexions sur la mise en place de la r\u00e9forme du coll\u00e8ge dans leur \u00e9tablissement. On prendra connaissance ici de leurs observations pr\u00e9alables \u00e0 la s\u00e9ance. Nous proposons ci-dessous un (...)\u003C\/p\u003E\n\u003C\/blockquote\u003E\n"}

José Tovar, 
Yves Baunay

<h4 class='title'><a href='https://pagestec.org/article2189.html'>Retour sur la r&#233;forme du coll&#232;ge (3) R&#233;fl&#233;chir &#224; partir de l&#8217;activit&#233; enseignante</a></h4><blockquote class='spip'>
<p>[Le GRDS a invité deux enseignants, lors de la séance du séminaire public du 29 novembre 2016, à mettre en débat leurs réflexions sur la mise en place de la réforme du collège dans leur établissement. On prendra connaissance ici de leurs observations préalables à la séance. Nous proposons ci-dessous un (...)</p>
</blockquote>
