{"version":"1.0","type":"rich","provider_name":"Site Pagestec","provider_url":"https:\/\/www.pagestec.org","title":"Comment les jeunes voient-ils leur avenir professionnel&nbsp;?","author_name":"no-spam@yourdomaine.com (An@\u00e9)","width":"480","height":"295","url":"https:\/\/pagestec.org\/article2228.html","html":"\u003Ch4 class='title'\u003E\u003Ca href='https:\/\/pagestec.org\/article2228.html'\u003EComment les jeunes voient-ils leur avenir professionnel&nbsp;?\u003C\/a\u003E\u003C\/h4\u003E\u003Cblockquote class='spip'\u003E\n\u003Cp\u003ESont-ils int\u00e9ress\u00e9s par les fili\u00e8res scientifiques et techniques&nbsp;? R\u00e9sultats de l\u2019enqu\u00eate exclusive r\u00e9alis\u00e9e par l\u2019IFOP aupr\u00e8s des jeunes. Xavier Fouger, Global Academia Senior Director, Global Education &amp; Academia de Dassault Syst\u00e8mes et St\u00e9phane Truchi, Pr\u00e9sident du directoire de l\u2019IFOP ont pr\u00e9sent\u00e9 (...)\u003C\/p\u003E\n\u003C\/blockquote\u003E\n"}

no-spam@yourdomaine.com (An@é)

<h4 class='title'><a href='https://pagestec.org/article2228.html'>Comment les jeunes voient-ils leur avenir professionnel&nbsp;?</a></h4><blockquote class='spip'>
<p>Sont-ils intéressés par les filières scientifiques et techniques&nbsp;? Résultats de l’enquête exclusive réalisée par l’IFOP auprès des jeunes. Xavier Fouger, Global Academia Senior Director, Global Education &amp; Academia de Dassault Systèmes et Stéphane Truchi, Président du directoire de l’IFOP ont présenté (...)</p>
</blockquote>
