{"version":"1.0","type":"rich","provider_name":"Site Pagestec","provider_url":"https:\/\/www.pagestec.org","title":"La Cour des Comptes veut un recadrage du m\u00e9tier d&#8217;enseignant ","author_name":"Pagestec","width":"480","height":"295","url":"https:\/\/pagestec.org\/article2544.html","html":"\u003Ch4 class='title'\u003E\u003Ca href='https:\/\/pagestec.org\/article2544.html'\u003ELa Cour des Comptes veut un recadrage du m\u00e9tier d&#8217;enseignant \u003C\/a\u003E\u003C\/h4\u003E\u003Cblockquote class='spip'\u003E\n\u003Cp\u003E\"La Cour appelle \u00e0 une r\u00e9forme structurelle de la gestion des enseignants qui emporte des am\u00e9liorations notables pour l\u2019ensemble des acteurs du syst\u00e8me\". En pr\u00e9sentant le rapport de la Cour des Comptes sur la gestion des enseignants, le 4 octobre, Didier Migaud, Premier pr\u00e9sident, reprend largement les conclusions et les propositions d\u2019un pr\u00e9c\u00e9dent rapport de 2013. Pour la Cour, l\u2019Education nationale doit n\u00e9gocier la revalorisation en \u00e9change de contreparties comme l\u2019annualisation des services, la&nbsp;(...)\u003C\/p\u003E\n\u003C\/blockquote\u003E\n"}

La Cour des Comptes veut un recadrage du métier d&#8217;enseignant

<h4 class='title'><a href='https://pagestec.org/article2544.html'>La Cour des Comptes veut un recadrage du métier d&#8217;enseignant </a></h4><blockquote class='spip'>
<p>"La Cour appelle à une réforme structurelle de la gestion des enseignants qui emporte des améliorations notables pour l’ensemble des acteurs du système". En présentant le rapport de la Cour des Comptes sur la gestion des enseignants, le 4 octobre, Didier Migaud, Premier président, reprend largement les conclusions et les propositions d’un précédent rapport de 2013. Pour la Cour, l’Education nationale doit négocier la revalorisation en échange de contreparties comme l’annualisation des services, la&nbsp;(...)</p>
</blockquote>
