{"version":"1.0","type":"rich","provider_name":"Site Pagestec","provider_url":"https:\/\/www.pagestec.org","title":"Avis de l&#8217;ADEME - Les \u00e9nergies renouvelables et de r\u00e9cup\u00e9ration","author_name":"Jean-Fran\u00e7ois SERREAU","width":"480","height":"295","url":"https:\/\/pagestec.org\/article2724.html","html":"\u003Ch4 class='title'\u003E\u003Ca href='https:\/\/pagestec.org\/article2724.html'\u003EAvis de l&#8217;ADEME - Les \u00e9nergies renouvelables et de r\u00e9cup\u00e9ration\u003C\/a\u003E\u003C\/h4\u003E\u003Cblockquote class='spip'\u003E\n\u003Cp\u003EAssoci\u00e9es \u00e0 une politique de ma\u00eetrise de nos consommations d\u2019\u00e9nergie, les \u00c9nergies renouvelables et de r\u00e9cup\u00e9ration (EnR&amp;amp&nbsp;;R) sont en capacit\u00e9 de couvrir plus des deux tiers des besoins de la...\u003C\/p\u003E\n\u003C\/blockquote\u003E\n"}

Avis de l&#8217;ADEME - Les énergies renouvelables et de récupération

Jean-François SERREAU

<h4 class='title'><a href='https://pagestec.org/article2724.html'>Avis de l&#8217;ADEME - Les énergies renouvelables et de récupération</a></h4><blockquote class='spip'>
<p>Associées à une politique de maîtrise de nos consommations d’énergie, les Énergies renouvelables et de récupération (EnR&amp;amp&nbsp;;R) sont en capacité de couvrir plus des deux tiers des besoins de la...</p>
</blockquote>
