{"version":"1.0","type":"rich","provider_name":"Site Pagestec","provider_url":"https:\/\/www.pagestec.org","title":"Audience au Minist\u00e8re de l\u2019\u00c9ducation Nationale le 12 avril 2018","author_name":"Pagestec","width":"480","height":"295","url":"https:\/\/pagestec.org\/article2823.html","html":"\u003Ch4 class='title'\u003E\u003Ca href='https:\/\/pagestec.org\/article2823.html'\u003EAudience au Minist\u00e8re de l\u2019\u00c9ducation Nationale le 12 avril 2018\u003C\/a\u003E\u003C\/h4\u003E\u003Cblockquote class='spip'\u003E\n\u003Cp\u003ESuite au courrier que nous avions adress\u00e9 \u00e0 Jean-Michel BLANQUER le 29 janvier 2018, l\u2019association PAGESTEC a \u00e9t\u00e9 invit\u00e9e \u00e0 rencontrer Mme&nbsp;Isabelle BOURHIS, Conseill\u00e8re sociale, partenariats et vie scolaire au Cabinet du Ministre de l\u2019\u00c9ducation Nationale au Minist\u00e8re de l\u2019\u00c9ducation Nationale, le jeudi 12 avril 2018 \u00e0 11h00.\n\u003Cbr class='autobr' \/\u003E\n\t\u00c9taient pr\u00e9sents Charles FREOU, pr\u00e9sident, Xavier HERBAUX, secr\u00e9taire et Julien SAVY, membre du bureau.&nbsp;(...)\u003C\/p\u003E\n\u003C\/blockquote\u003E\n"}

Audience au Ministère de l’Éducation Nationale le 12 avril 2018

<h4 class='title'><a href='https://pagestec.org/article2823.html'>Audience au Ministère de l’Éducation Nationale le 12 avril 2018</a></h4><blockquote class='spip'>
<p>Suite au courrier que nous avions adressé à Jean-Michel BLANQUER le 29 janvier 2018, l’association PAGESTEC a été invitée à rencontrer Mme&nbsp;Isabelle BOURHIS, Conseillère sociale, partenariats et vie scolaire au Cabinet du Ministre de l’Éducation Nationale au Ministère de l’Éducation Nationale, le jeudi 12 avril 2018 à 11h00.
<br class='autobr' />
	Étaient présents Charles FREOU, président, Xavier HERBAUX, secrétaire et Julien SAVY, membre du bureau.&nbsp;(...)</p>
</blockquote>
