{"version":"1.0","type":"rich","provider_name":"Site Pagestec","provider_url":"https:\/\/www.pagestec.org","title":"L\u2019Acad\u00e9mie des technologies&nbsp;: &quot;Faire monter en puissance les comp\u00e9tences technologiques des PME industrielles&quot;","author_name":"no-spam@yourdomaine.com (An@\u00e9)","width":"480","height":"295","url":"https:\/\/pagestec.org\/article2893.html","html":"\u003Ch4 class='title'\u003E\u003Ca href='https:\/\/pagestec.org\/article2893.html'\u003EL\u2019Acad\u00e9mie des technologies&nbsp;: &quot;Faire monter en puissance les comp\u00e9tences technologiques des PME industrielles&quot;\u003C\/a\u003E\u003C\/h4\u003E\u003Cblockquote class='spip'\u003E\n\u003Cp\u003ECommuniqu\u00e9&nbsp;: L\u2019Acad\u00e9mie des technologies appelle \u00e0 une mobilisation g\u00e9n\u00e9rale et imm\u00e9diate pour faire monter en puissance les comp\u00e9tences technologiques\u2026 Apr\u00e8s la publication du rapport &#171;&nbsp;Industrie du futur&nbsp;: du syst\u00e8me technique 4.0 au syst\u00e8me social&nbsp;&#187; (2017), l\u2019Acad\u00e9mie des technologies a poursuivi sa (...)\u003C\/p\u003E\n\u003C\/blockquote\u003E\n"}

L’Académie des technologies&nbsp;: &quot;Faire monter en puissance les compétences technologiques des PME industrielles&quot;

no-spam@yourdomaine.com (An@é)

<h4 class='title'><a href='https://pagestec.org/article2893.html'>L’Académie des technologies&nbsp;: &quot;Faire monter en puissance les compétences technologiques des PME industrielles&quot;</a></h4><blockquote class='spip'>
<p>Communiqué&nbsp;: L’Académie des technologies appelle à une mobilisation générale et immédiate pour faire monter en puissance les compétences technologiques… Après la publication du rapport &#171;&nbsp;Industrie du futur&nbsp;: du système technique 4.0 au système social&nbsp;&#187; (2017), l’Académie des technologies a poursuivi sa (...)</p>
</blockquote>
