{"version":"1.0","type":"rich","provider_name":"Site Pagestec","provider_url":"https:\/\/www.pagestec.org","title":"Les heures suppl&#233;mentaires d&#233;socialis&#233;es et d&#233;fiscalis&#233;es pour les enseignants &#224; partir de janvier 2019","author_name":"Julien Delmas","width":"480","height":"295","url":"https:\/\/pagestec.org\/article2996.html","html":"\u003Ch4 class='title'\u003E\u003Ca href='https:\/\/pagestec.org\/article2996.html'\u003ELes heures suppl&#233;mentaires d&#233;socialis&#233;es et d&#233;fiscalis&#233;es pour les enseignants &#224; partir de janvier 2019\u003C\/a\u003E\u003C\/h4\u003E\u003Cblockquote class='spip'\u003E\n\u003Cp\u003EDes pr\u00e9cisions sur les heures suppl\u00e9mentaires d\u00e9socialis\u00e9es et d\u00e9fiscalis\u00e9es, \u00e0 partir de janvier 2019. \n\u003Cbr class='autobr' \/\u003E\n \n\nR\u00e9mun\u00e9ration \n\u003Cbr class='autobr' \/\u003E\n\/ \n\u003Cbr class='autobr' \/\u003E\nS\u00e9lection\u003C\/p\u003E\n\u003C\/blockquote\u003E\n"}

<h4 class='title'><a href='https://pagestec.org/article2996.html'>Les heures suppl&#233;mentaires d&#233;socialis&#233;es et d&#233;fiscalis&#233;es pour les enseignants &#224; partir de janvier 2019</a></h4><blockquote class='spip'>
<p>Des précisions sur les heures supplémentaires désocialisées et défiscalisées, à partir de janvier 2019. 
<br class='autobr' />
 

Rémunération 
<br class='autobr' />
/ 
<br class='autobr' />
Sélection</p>
</blockquote>
