{"version":"1.0","type":"rich","provider_name":"Site Pagestec","provider_url":"https:\/\/www.pagestec.org","title":"7&#232;me &#233;dition de Solarcoll&#232;ges","author_name":"Sylvain Antonelli","width":"480","height":"295","url":"https:\/\/pagestec.org\/article3100.html","html":"\u003Ch4 class='title'\u003E\u003Ca href='https:\/\/pagestec.org\/article3100.html'\u003E7&#232;me &#233;dition de Solarcoll&#232;ges\u003C\/a\u003E\u003C\/h4\u003E\u003Cblockquote class='spip'\u003E\n\u003Cp\u003EJeudi 6 juin 2019, \u00e0 9h15 du matin, les premiers concurrents arrivent au coll\u00e8ge de l\u2019Albarine pour participer \u00e0 la 7\u00e8me \u00e9dition de Solarcoll\u00e8ges. Il s\u2019agit d\u2019une course de voitures solaires en ligne droite de 25m. Elles ont \u00e9t\u00e9 construites par des \u00e9l\u00e8ves de 6\u00e8me de plusieurs coll\u00e8ges de l\u2019Ain&nbsp;: Artemare, Belley, Beynost, Culoz, Dagneux, Leyment, Pont d\u2019Ain et St Rambert en Bugey. \n\u003Cbr class='autobr' \/\u003E\nLe temps est fortement couvert quand les premi\u00e8res voitures tentent de s\u2019\u00e9lancer sur la piste. Malheureusement, dans ces&nbsp;(...)\u003C\/p\u003E\n\u003C\/blockquote\u003E\n"}

<h4 class='title'><a href='https://pagestec.org/article3100.html'>7&#232;me &#233;dition de Solarcoll&#232;ges</a></h4><blockquote class='spip'>
<p>Jeudi 6 juin 2019, à 9h15 du matin, les premiers concurrents arrivent au collège de l’Albarine pour participer à la 7ème édition de Solarcollèges. Il s’agit d’une course de voitures solaires en ligne droite de 25m. Elles ont été construites par des élèves de 6ème de plusieurs collèges de l’Ain&nbsp;: Artemare, Belley, Beynost, Culoz, Dagneux, Leyment, Pont d’Ain et St Rambert en Bugey. 
<br class='autobr' />
Le temps est fortement couvert quand les premières voitures tentent de s’élancer sur la piste. Malheureusement, dans ces&nbsp;(...)</p>
</blockquote>
