{"version":"1.0","type":"rich","provider_name":"Site Pagestec","provider_url":"https:\/\/www.pagestec.org","title":"Les Traam 2018-2019","author_name":"Arnaud GUERIN, \nJAPIOT David, \nREMY Philippe, \nSALVIDANT Jean-Pierre, \nVENDEME Olivier","width":"480","height":"295","url":"https:\/\/pagestec.org\/article3103.html","html":"\u003Ch4 class='title'\u003E\u003Ca href='https:\/\/pagestec.org\/article3103.html'\u003ELes Traam 2018-2019\u003C\/a\u003E\u003C\/h4\u003E\u003Cblockquote class='spip'\u003E\n\u003Cp\u003EDans le cadre des Travaux acad\u00e9miques mutualis\u00e9s 2018-2019, l\u2019acad\u00e9mie de Dijon propose un ensemble de s\u00e9quences r\u00e9pondant \u00e0 la probl\u00e9matique nationale.  Comment r\u00e9pondre \u00e0 un r\u00e9el besoin soci\u00e9tal dans le domaine de la transition \u00e9nerg\u00e9tique et des \u00e9conomies d\u2019\u00e9nergie&nbsp;?  Cette probl\u00e9matique nationale a \u00e9t\u00e9 (...)\u003C\/p\u003E\n\u003C\/blockquote\u003E\n"}

<h4 class='title'><a href='https://pagestec.org/article3103.html'>Les Traam 2018-2019</a></h4><blockquote class='spip'>
<p>Dans le cadre des Travaux académiques mutualisés 2018-2019, l’académie de Dijon propose un ensemble de séquences répondant à la problématique nationale.  Comment répondre à un réel besoin sociétal dans le domaine de la transition énergétique et des économies d’énergie&nbsp;?  Cette problématique nationale a été (...)</p>
</blockquote>
