{"version":"1.0","type":"rich","provider_name":"Site Pagestec","provider_url":"https:\/\/www.pagestec.org","title":"Installation du Comit\u00e9 national d&#8217;orientation et d&#8217;\u00e9valuation des Cit\u00e9s \u00e9ducatives","author_name":"no-spam@yourdomaine.com (An@\u00e9)","width":"480","height":"295","url":"https:\/\/pagestec.org\/article3176.html","html":"\u003Ch4 class='title'\u003E\u003Ca href='https:\/\/pagestec.org\/article3176.html'\u003EInstallation du Comit\u00e9 national d&#8217;orientation et d&#8217;\u00e9valuation des Cit\u00e9s \u00e9ducatives\u003C\/a\u003E\u003C\/h4\u003E\u003Cblockquote class='spip'\u003E\n\u003Cp\u003EJean-Michel Blanquer, ministre de l\u2019\u00c9ducation nationale et de la Jeunesse, et Julien Denormandie, ministre de la Ville et du Logement,\u2026Sous la pr\u00e9sidence de Sylvie Charri\u00e8re, d\u00e9put\u00e9e de Seine-Saint-Denis, le Comit\u00e9 rassemble des experts, des acteurs des territoires, des associatifs et des citoyens.  Il (...)\u003C\/p\u003E\n\u003C\/blockquote\u003E\n"}

Installation du Comité national d&#8217;orientation et d&#8217;évaluation des Cités éducatives

no-spam@yourdomaine.com (An@é)

<h4 class='title'><a href='https://pagestec.org/article3176.html'>Installation du Comité national d&#8217;orientation et d&#8217;évaluation des Cités éducatives</a></h4><blockquote class='spip'>
<p>Jean-Michel Blanquer, ministre de l’Éducation nationale et de la Jeunesse, et Julien Denormandie, ministre de la Ville et du Logement,…Sous la présidence de Sylvie Charrière, députée de Seine-Saint-Denis, le Comité rassemble des experts, des acteurs des territoires, des associatifs et des citoyens.  Il (...)</p>
</blockquote>
