{"version":"1.0","type":"rich","provider_name":"Site Pagestec","provider_url":"https:\/\/www.pagestec.org","title":"Dossier sp\u00e9cial D\u00e9veloppement Durable et \u00c9coconception - Quelle place pour l\u2019\u00e9conomie et les m\u00e9tiers verts en France&nbsp;? - technologie n&#176;207","author_name":"Jacques RIOT","width":"480","height":"295","url":"https:\/\/pagestec.org\/article3192.html","html":"\u003Ch4 class='title'\u003E\u003Ca href='https:\/\/pagestec.org\/article3192.html'\u003EDossier sp\u00e9cial D\u00e9veloppement Durable et \u00c9coconception - Quelle place pour l\u2019\u00e9conomie et les m\u00e9tiers verts en France&nbsp;? - technologie n&#176;207\u003C\/a\u003E\u003C\/h4\u003E\u003Cblockquote class='spip'\u003E\n\u003Cp\u003E143 000 emplois verts et 3,7 millions de professions &#171;&nbsp;verdissantes&nbsp;&#187;&nbsp;: c\u2019est l\u2019empreinte \u00e9conomique du d\u00e9veloppement durable en France. Une activit\u00e9 \u00e0 la fois dynamique et fragile, mais appel\u00e9e \u00e0 un...\u003C\/p\u003E\n\u003C\/blockquote\u003E\n"}

Dossier spécial Développement Durable et Écoconception - Quelle place pour l’économie et les métiers verts en France&nbsp;? - technologie n&#176;207

<h4 class='title'><a href='https://pagestec.org/article3192.html'>Dossier spécial Développement Durable et Écoconception - Quelle place pour l’économie et les métiers verts en France&nbsp;? - technologie n&#176;207</a></h4><blockquote class='spip'>
<p>143 000 emplois verts et 3,7 millions de professions &#171;&nbsp;verdissantes&nbsp;&#187;&nbsp;: c’est l’empreinte économique du développement durable en France. Une activité à la fois dynamique et fragile, mais appelée à un...</p>
</blockquote>
