{"version":"1.0","type":"rich","provider_name":"Site Pagestec","provider_url":"https:\/\/www.pagestec.org","title":"R\u00e9duire les tensions sur les emplois industriels dans les territoires&nbsp;: l&#8217;Acad\u00e9mie des technologies sugg\u00e8re une mobilisation coordonn\u00e9e des entreprises, des collectivit\u00e9s locales et de l&#8217;\u00c9tat.","author_name":"no-spam@yourdomaine.com (An@\u00e9)","width":"480","height":"295","url":"https:\/\/pagestec.org\/article3241.html","html":"\u003Ch4 class='title'\u003E\u003Ca href='https:\/\/pagestec.org\/article3241.html'\u003ER\u00e9duire les tensions sur les emplois industriels dans les territoires&nbsp;: l&#8217;Acad\u00e9mie des technologies sugg\u00e8re une mobilisation coordonn\u00e9e des entreprises, des collectivit\u00e9s locales et de l&#8217;\u00c9tat.\u003C\/a\u003E\u003C\/h4\u003E\u003Cblockquote class='spip'\u003E\n\u003Cp\u003EDans son nouveau rapport &#171;&nbsp;Attractivit\u00e9 des m\u00e9tiers, attractivit\u00e9 des territoires&nbsp;: des d\u00e9fis pour l\u2019industrie&nbsp;&#187;, l\u2019Acad\u00e9mie des technologies s\u2019est\u2026Faire de la mobilit\u00e9 sociale le premier facteur d\u2019attractivit\u00e9 de l\u2019industrie  La France, a not\u00e9 l\u2019OCDE, est en mauvaise place parmi les pays avanc\u00e9s en termes de (...)\u003C\/p\u003E\n\u003C\/blockquote\u003E\n"}

Réduire les tensions sur les emplois industriels dans les territoires&nbsp;: l&#8217;Académie des technologies suggère une mobilisation coordonnée des entreprises, des collectivités locales et de l&#8217;État.

no-spam@yourdomaine.com (An@é)

<h4 class='title'><a href='https://pagestec.org/article3241.html'>Réduire les tensions sur les emplois industriels dans les territoires&nbsp;: l&#8217;Académie des technologies suggère une mobilisation coordonnée des entreprises, des collectivités locales et de l&#8217;État.</a></h4><blockquote class='spip'>
<p>Dans son nouveau rapport &#171;&nbsp;Attractivité des métiers, attractivité des territoires&nbsp;: des défis pour l’industrie&nbsp;&#187;, l’Académie des technologies s’est…Faire de la mobilité sociale le premier facteur d’attractivité de l’industrie  La France, a noté l’OCDE, est en mauvaise place parmi les pays avancés en termes de (...)</p>
</blockquote>
