{"version":"1.0","type":"rich","provider_name":"Site Pagestec","provider_url":"https:\/\/www.pagestec.org","title":"Les Traam 2019-2020","author_name":"Arnaud GUERIN, \nMOINE Marc, \nREMY Philippe, \nSALVIDANT Jean-Pierre, \nVENDEME Olivier, \nYounesse El-Mourtadi","width":"480","height":"295","url":"https:\/\/pagestec.org\/article3295.html","html":"\u003Ch4 class='title'\u003E\u003Ca href='https:\/\/pagestec.org\/article3295.html'\u003ELes Traam 2019-2020\u003C\/a\u003E\u003C\/h4\u003E\u003Cblockquote class='spip'\u003E\n\u003Cp\u003EDans le cadre des Travaux acad\u00e9miques mutualis\u00e9s 2019-2020, l\u2019acad\u00e9mie de Dijon propose un ensemble de s\u00e9quences r\u00e9pondant \u00e0 la probl\u00e9matique nationale&nbsp;:  Traiter en interdisciplinarit\u00e9 des donn\u00e9es issues d\u2019objets connect\u00e9s int\u00e9gr\u00e9s \u00e0 une smartcity, de mani\u00e8re \u00e0 les exploiter au mieux selon les disciplines. (...)\u003C\/p\u003E\n\u003C\/blockquote\u003E\n"}

<h4 class='title'><a href='https://pagestec.org/article3295.html'>Les Traam 2019-2020</a></h4><blockquote class='spip'>
<p>Dans le cadre des Travaux académiques mutualisés 2019-2020, l’académie de Dijon propose un ensemble de séquences répondant à la problématique nationale&nbsp;:  Traiter en interdisciplinarité des données issues d’objets connectés intégrés à une smartcity, de manière à les exploiter au mieux selon les disciplines. (...)</p>
</blockquote>
