{"version":"1.0","type":"rich","provider_name":"Site Pagestec","provider_url":"https:\/\/www.pagestec.org","title":"S\u00e9nat - Mission d&#8217;Information&nbsp;: Lutte contre l&#8217;illectronisme et pour l&#8217;inclusion num\u00e9rique","author_name":"no-spam@yourdomaine.com (An@\u00e9)","width":"480","height":"295","url":"https:\/\/pagestec.org\/article3303.html","html":"\u003Ch4 class='title'\u003E\u003Ca href='https:\/\/pagestec.org\/article3303.html'\u003ES\u00e9nat - Mission d&#8217;Information&nbsp;: Lutte contre l&#8217;illectronisme et pour l&#8217;inclusion num\u00e9rique\u003C\/a\u003E\u003C\/h4\u003E\u003Cblockquote class='spip'\u003E\n\u003Cp\u003ELes territoires sont des parties prenantes de l\u2019inclusion num\u00e9rique En se rendant le 3 juillet en Haute-Garonne, le pr\u00e9sident de\u2026Dans cette lutte contre l\u2019illectronisme, fl\u00e9au de l\u2019\u00e8re num\u00e9rique, la mobilisation de tous les territoires est n\u00e9cessaire.  La fracture num\u00e9rique contribue en effet au (...)\u003C\/p\u003E\n\u003C\/blockquote\u003E\n"}

Sénat - Mission d&#8217;Information&nbsp;: Lutte contre l&#8217;illectronisme et pour l&#8217;inclusion numérique

no-spam@yourdomaine.com (An@é)

<h4 class='title'><a href='https://pagestec.org/article3303.html'>Sénat - Mission d&#8217;Information&nbsp;: Lutte contre l&#8217;illectronisme et pour l&#8217;inclusion numérique</a></h4><blockquote class='spip'>
<p>Les territoires sont des parties prenantes de l’inclusion numérique En se rendant le 3 juillet en Haute-Garonne, le président de…Dans cette lutte contre l’illectronisme, fléau de l’ère numérique, la mobilisation de tous les territoires est nécessaire.  La fracture numérique contribue en effet au (...)</p>
</blockquote>
