{"version":"1.0","type":"rich","provider_name":"Site Pagestec","provider_url":"https:\/\/www.pagestec.org","title":"M\u00e9t\u00e9o-France pr\u00e9voit jusqu\u2019\u00e0 +6&#176;C l\u2019\u00e9t\u00e9 en 2100","author_name":"matt","width":"480","height":"295","url":"https:\/\/pagestec.org\/article3441.html","html":"\u003Ch4 class='title'\u003E\u003Ca href='https:\/\/pagestec.org\/article3441.html'\u003EM\u00e9t\u00e9o-France pr\u00e9voit jusqu\u2019\u00e0 +6&#176;C l\u2019\u00e9t\u00e9 en 2100\u003C\/a\u003E\u003C\/h4\u003E\u003Cblockquote class='spip'\u003E\n\u003Cp\u003EM\u00e9t\u00e9o-France d\u00e9voile de nouvelles mod\u00e9lisations de l\u2019\u00e9volution du climat fran\u00e7ais \u00e0 l\u2019horizon 2100. Et elles font craindre des temp\u00e9ratures extr\u00eames, jusqu\u00e0 +6&#176;C l\u2019\u00e9t\u00e9. M\u00e9t\u00e9o-France pr\u00e9voit une hausse des temp\u00e9ratures, des vagues de chaleur, des nuits tropicales et des s\u00e9cheresses d\u2019ici la fin du si\u00e8cle.  Cet (...)\u003C\/p\u003E\n\u003C\/blockquote\u003E\n"}

Météo-France prévoit jusqu’à +6&#176;C l’été en 2100

<h4 class='title'><a href='https://pagestec.org/article3441.html'>Météo-France prévoit jusqu’à +6&#176;C l’été en 2100</a></h4><blockquote class='spip'>
<p>Météo-France dévoile de nouvelles modélisations de l’évolution du climat français à l’horizon 2100. Et elles font craindre des températures extrêmes, jusquà +6&#176;C l’été. Météo-France prévoit une hausse des températures, des vagues de chaleur, des nuits tropicales et des sécheresses d’ici la fin du siècle.  Cet (...)</p>
</blockquote>
