{"version":"1.0","type":"rich","provider_name":"Site Pagestec","provider_url":"https:\/\/www.pagestec.org","title":"PR&#201;AU, enfin un CE pour les profs&#160;&nbsp;?","author_name":"Julien Delmas","width":"480","height":"295","url":"https:\/\/pagestec.org\/article3834.html","html":"\u003Ch4 class='title'\u003E\u003Ca href='https:\/\/pagestec.org\/article3834.html'\u003EPR&#201;AU, enfin un CE pour les profs&#160;&nbsp;?\u003C\/a\u003E\u003C\/h4\u003E\u003Cblockquote class='spip'\u003E\n\u003Cp\u003EPR\u00c9AU, l\u2019association du minist\u00e8re existe depuis d\u00e9cembre 2021. \u00c0 quoi sert-elle&nbsp;? M\u00e9rite-t-elle de d\u00e9penser 10 euros par an&nbsp;? - Avantages et r\u00e9ductions\u003C\/p\u003E\n\u003C\/blockquote\u003E\n"}

<h4 class='title'><a href='https://pagestec.org/article3834.html'>PR&#201;AU, enfin un CE pour les profs&#160;&nbsp;?</a></h4><blockquote class='spip'>
<p>PRÉAU, l’association du ministère existe depuis décembre 2021. À quoi sert-elle&nbsp;? Mérite-t-elle de dépenser 10 euros par an&nbsp;? - Avantages et réductions</p>
</blockquote>
