{"version":"1.0","type":"rich","provider_name":"Site Pagestec","provider_url":"https:\/\/www.pagestec.org","title":"Heure de Labo&nbsp;: Pagestec d\u00e9pose un recours au conseil d&#8217;\u00e9tat","author_name":"Pagestec","width":"480","height":"295","url":"https:\/\/pagestec.org\/article396.html","html":"\u003Ch4 class='title'\u003E\u003Ca href='https:\/\/pagestec.org\/article396.html'\u003EHeure de Labo&nbsp;: Pagestec d\u00e9pose un recours au conseil d&#8217;\u00e9tat\u003C\/a\u003E\u003C\/h4\u003E\u003Cblockquote class='spip'\u003E\n\u003Cp\u003EL\u2019association PAGESTEC vient de d\u00e9poser un recours au conseil d\u2019\u00e9tat dirig\u00e9 contre le d\u00e9cret 2014-940. \n\u003Cbr class='autobr' \/\u003E\n \tNous y demandons que l\u2019article 9 du D\u00e9cret n&#176;&nbsp;2014-940 du 20 ao\u00fbt 2014 relatif aux obligations de service et aux missions des personnels enseignants exer\u00e7ant dans un \u00e9tablissement public d\u2019enseignement du second degr\u00e9 soit modifi\u00e9 de la fa\u00e7on suivante&nbsp;: (ajout en gras ci-dessous) \n\u003Cbr class='autobr' \/\u003E\n \t\t\t\t\tArticle 9 \n\u003Cbr class='autobr' \/\u003E\n \t\t\t\t\tDans les coll\u00e8ges o\u00f9 il n\u2019y a pas de personnels techniques exer\u00e7ant dans les laboratoires, les&nbsp;(...)\u003C\/p\u003E\n\u003C\/blockquote\u003E\n"}

Heure de Labo&nbsp;: Pagestec dépose un recours au conseil d&#8217;état

<h4 class='title'><a href='https://pagestec.org/article396.html'>Heure de Labo&nbsp;: Pagestec dépose un recours au conseil d&#8217;état</a></h4><blockquote class='spip'>
<p>L’association PAGESTEC vient de déposer un recours au conseil d’état dirigé contre le décret 2014-940. 
<br class='autobr' />
 	Nous y demandons que l’article 9 du Décret n&#176;&nbsp;2014-940 du 20 août 2014 relatif aux obligations de service et aux missions des personnels enseignants exerçant dans un établissement public d’enseignement du second degré soit modifié de la façon suivante&nbsp;: (ajout en gras ci-dessous) 
<br class='autobr' />
 					Article 9 
<br class='autobr' />
 					Dans les collèges où il n’y a pas de personnels techniques exerçant dans les laboratoires, les&nbsp;(...)</p>
</blockquote>
