{"version":"1.0","type":"rich","provider_name":"Site Pagestec","provider_url":"https:\/\/www.pagestec.org","title":"Renouvellement du programme de sciences et technologie du cyle 3","author_name":"Pagestec","width":"480","height":"295","url":"https:\/\/pagestec.org\/article4037.html","html":"\u003Ch4 class='title'\u003E\u003Ca href='https:\/\/pagestec.org\/article4037.html'\u003ERenouvellement du programme de sciences et technologie du cyle 3\u003C\/a\u003E\u003C\/h4\u003E\u003Cblockquote class='spip'\u003E\n\u003Cp\u003EPar lettre de saisine en date du 19 janvier 2023, le ministre de l\u2019\u00c9ducation nationale a demand\u00e9 au Conseil sup\u00e9rieur des programmes de proposer un programme de sciences et technologie renouvel\u00e9 au cycle 3, en tenant compte de la r\u00e9duction du volume horaire de technologie en classe de sixi\u00e8me.\n\u003Cbr class='autobr' \/\u003E\n  \n\n  \n\u003Cbr class='autobr' \/\u003E\nSource \n\u003Cbr class='autobr' \/\u003E\n&lt;&nbsp;!&mdash;&lt;&nbsp;![endif]&mdash;\u003E  \n\u003Cbr class='autobr' \/\u003E\n&lt;&nbsp;![endif]&mdash;\u003ESource&nbsp;:\u003C\/p\u003E\n\u003C\/blockquote\u003E\n"}

<h4 class='title'><a href='https://pagestec.org/article4037.html'>Renouvellement du programme de sciences et technologie du cyle 3</a></h4><blockquote class='spip'>
<p>Par lettre de saisine en date du 19 janvier 2023, le ministre de l’Éducation nationale a demandé au Conseil supérieur des programmes de proposer un programme de sciences et technologie renouvelé au cycle 3, en tenant compte de la réduction du volume horaire de technologie en classe de sixième.
<br class='autobr' />
  

  
<br class='autobr' />
Source 
<br class='autobr' />
&lt;&nbsp;!&mdash;&lt;&nbsp;![endif]&mdash;>  
<br class='autobr' />
&lt;&nbsp;![endif]&mdash;>Source&nbsp;:</p>
</blockquote>
