{"version":"1.0","type":"rich","provider_name":"Site Pagestec","provider_url":"https:\/\/www.pagestec.org","title":"Technologie supprim\u00e9e en sixi\u00e8me&nbsp;: &#171;&nbsp;C\u2019est tout simplement du m\u00e9pris de la part du minist\u00e8re&nbsp;&#187;","author_name":"Pagestec","width":"480","height":"295","url":"https:\/\/pagestec.org\/article4057.html","html":"\u003Ch4 class='title'\u003E\u003Ca href='https:\/\/pagestec.org\/article4057.html'\u003ETechnologie supprim\u00e9e en sixi\u00e8me&nbsp;: &#171;&nbsp;C\u2019est tout simplement du m\u00e9pris de la part du minist\u00e8re&nbsp;&#187;\u003C\/a\u003E\u003C\/h4\u003E\u003Cblockquote class='spip'\u003E\n\u003Cp\u003E\u00c0 la rentr\u00e9e prochaine, les \u00e9l\u00e8ves de sixi\u00e8me n\u2019auront plus de technologie&nbsp;: la suppression de cette heure d\u2019enseignement au profit de cours de soutien en fran\u00e7ais et en maths a provoqu\u00e9 la &#171;&nbsp;col\u00e8re&nbsp;&#187; des professeurs concern\u00e9s.\n\u003Cbr class='autobr' \/\u003E\nLa suite de l\u2019article en cliquant sur le lien ci-dessous&nbsp;:\u003C\/p\u003E\n\u003C\/blockquote\u003E\n"}

Technologie supprimée en sixième&nbsp;: &#171;&nbsp;C’est tout simplement du mépris de la part du ministère&nbsp;&#187;

<h4 class='title'><a href='https://pagestec.org/article4057.html'>Technologie supprimée en sixième&nbsp;: &#171;&nbsp;C’est tout simplement du mépris de la part du ministère&nbsp;&#187;</a></h4><blockquote class='spip'>
<p>À la rentrée prochaine, les élèves de sixième n’auront plus de technologie&nbsp;: la suppression de cette heure d’enseignement au profit de cours de soutien en français et en maths a provoqué la &#171;&nbsp;colère&nbsp;&#187; des professeurs concernés.
<br class='autobr' />
La suite de l’article en cliquant sur le lien ci-dessous&nbsp;:</p>
</blockquote>
