{"version":"1.0","type":"rich","provider_name":"Site Pagestec","provider_url":"https:\/\/www.pagestec.org","title":"Rentr\u00e9e 2023 - Impact sur les postes en Technologie coll\u00e8ge","author_name":"Pagestec","width":"480","height":"295","url":"https:\/\/pagestec.org\/article4058.html","html":"\u003Ch4 class='title'\u003E\u003Ca href='https:\/\/pagestec.org\/article4058.html'\u003ERentr\u00e9e 2023 - Impact sur les postes en Technologie coll\u00e8ge\u003C\/a\u003E\u003C\/h4\u003E\u003Cblockquote class='spip'\u003E\n\u003Cp\u003EEnqu\u00eate men\u00e9e sur moins d\u2019une semaine afin de servir d\u2019\u00e9l\u00e9ment de discussion avec le minist\u00e8re concernant les impacts av\u00e9r\u00e9s de la suppression de la Technologie en 6e sur les postes en Technologie \u00e0 la rentr\u00e9e 2023. \n\u003Cbr class='autobr' \/\u003E\n&lt;&nbsp;![endif]&mdash;\u003E \n\u003Cbr class='autobr' \/\u003E\nNous esp\u00e9rons que cette enqu\u00eate sera bient\u00f4t compl\u00e9t\u00e9e par une remont\u00e9e de donn\u00e9es beaucoup plus cons\u00e9quente des syndicats. \n\u003Cbr class='autobr' \/\u003E\nCi-dessous les commentaires \u00e9loquents, affligeants, de d\u00e9go\u00fbt et r\u00e9volt\u00e9s de coll\u00e8gues sur les cons\u00e9quences engendr\u00e9es par cette d\u00e9cision arbitraire \n\u003Cbr class='autobr' \/\u003E\n&lt;&nbsp;(...)\u003C\/p\u003E\n\u003C\/blockquote\u003E\n"}

Rentrée 2023 - Impact sur les postes en Technologie collège

<h4 class='title'><a href='https://pagestec.org/article4058.html'>Rentrée 2023 - Impact sur les postes en Technologie collège</a></h4><blockquote class='spip'>
<p>Enquête menée sur moins d’une semaine afin de servir d’élément de discussion avec le ministère concernant les impacts avérés de la suppression de la Technologie en 6e sur les postes en Technologie à la rentrée 2023. 
<br class='autobr' />
&lt;&nbsp;![endif]&mdash;> 
<br class='autobr' />
Nous espérons que cette enquête sera bientôt complétée par une remontée de données beaucoup plus conséquente des syndicats. 
<br class='autobr' />
Ci-dessous les commentaires éloquents, affligeants, de dégoût et révoltés de collègues sur les conséquences engendrées par cette décision arbitraire 
<br class='autobr' />
&lt;&nbsp;(...)</p>
</blockquote>
