{"version":"1.0","type":"rich","provider_name":"Site Pagestec","provider_url":"https:\/\/www.pagestec.org","title":"1500 postes en moins, c&#8217;est NON&nbsp;!","author_name":"Pagestec","width":"480","height":"295","url":"https:\/\/pagestec.org\/article4084.html","html":"\u003Ch4 class='title'\u003E\u003Ca href='https:\/\/pagestec.org\/article4084.html'\u003E1500 postes en moins, c&#8217;est NON&nbsp;!\u003C\/a\u003E\u003C\/h4\u003E\u003Cblockquote class='spip'\u003E\n\u003Cp\u003EApr\u00e8s avoir soutenu et relay\u00e9 notre p\u00e9tition, \u00e0 nous d\u2019en faire d\u2019eux-m\u00eames.\n\u003Cbr class='autobr' \/\u003E\nMerci de partager et signer cette p\u00e9tition de la FCPE.\n\u003Cbr class='autobr' \/\u003E\n  \n\nSignez et faites signer notre p\u00e9tition nationale&nbsp;! \n\u003Cbr class='autobr' \/\u003E\nAlors que 1 500 postes seront supprim\u00e9s \u00e0 la rentr\u00e9e 2023, la FCPE a lanc\u00e9 une p\u00e9tition nationale. Objectif&nbsp;: afficher collectivement le soutien ind\u00e9fectible des parents d\u2019\u00e9l\u00e8ves \u00e0 l\u2019\u00e9cole publique.\n\u003Cbr class='autobr' \/\u003E\nhttps:\/\/www.fcpe.asso.fr\/campagne\/signez-et-faites-signer-notre-petition-nationale\u003C\/p\u003E\n\u003C\/blockquote\u003E\n"}

<h4 class='title'><a href='https://pagestec.org/article4084.html'>1500 postes en moins, c&#8217;est NON&nbsp;!</a></h4><blockquote class='spip'>
<p>Après avoir soutenu et relayé notre pétition, à nous d’en faire d’eux-mêmes.
<br class='autobr' />
Merci de partager et signer cette pétition de la FCPE.
<br class='autobr' />
  

Signez et faites signer notre pétition nationale&nbsp;! 
<br class='autobr' />
Alors que 1 500 postes seront supprimés à la rentrée 2023, la FCPE a lancé une pétition nationale. Objectif&nbsp;: afficher collectivement le soutien indéfectible des parents d’élèves à l’école publique.
<br class='autobr' />
https://www.fcpe.asso.fr/campagne/signez-et-faites-signer-notre-petition-nationale</p>
</blockquote>
