{"version":"1.0","type":"rich","provider_name":"Site Pagestec","provider_url":"https:\/\/www.pagestec.org","title":"Compte-rendu du colloque MCLCM de juin 2013","author_name":"Pagestec","width":"480","height":"295","url":"https:\/\/pagestec.org\/article41.html","html":"\u003Ch4 class='title'\u003E\u003Ca href='https:\/\/pagestec.org\/article41.html'\u003ECompte-rendu du colloque MCLCM de juin 2013\u003C\/a\u003E\u003C\/h4\u003E\u003Cblockquote class='spip'\u003E\n\u003Cp\u003EDernier document de notre dossier sur la m\u00e9thode EPCC, le compte-rendu (par M.&nbsp;Ignace Rak) du colloque du Mouvement Contre La Constante Macabre qui s\u2019est tenu le 17 juin \u00e0 l\u2019Ecole des Mines de Paris. \n\u003Cbr class='autobr' \/\u003E\n \tCompte-rendu du colloque MCLM juin 2013 \n\u003Cbr class='autobr' \/\u003E\n \tLe programme du colloque de juin 2013 du MCLM est disponible sur le site du MCLM.&nbsp;\n\u003Cbr class='autobr' \/\u003E\n \tFran\u00e7ois Jarraud r\u00e9dacteur en chef du Caf\u00e9 P\u00e9dagogique, animateur de l\u2019une des tables rondes a fait sous le titre &#171;&nbsp;Evaluation&nbsp;: La m\u00e9thode Antibi f\u00eate son avenir&nbsp;&#187;, un&nbsp;(...)\u003C\/p\u003E\n\u003C\/blockquote\u003E\n"}

<h4 class='title'><a href='https://pagestec.org/article41.html'>Compte-rendu du colloque MCLCM de juin 2013</a></h4><blockquote class='spip'>
<p>Dernier document de notre dossier sur la méthode EPCC, le compte-rendu (par M.&nbsp;Ignace Rak) du colloque du Mouvement Contre La Constante Macabre qui s’est tenu le 17 juin à l’Ecole des Mines de Paris. 
<br class='autobr' />
 	Compte-rendu du colloque MCLM juin 2013 
<br class='autobr' />
 	Le programme du colloque de juin 2013 du MCLM est disponible sur le site du MCLM.&nbsp;
<br class='autobr' />
 	François Jarraud rédacteur en chef du Café Pédagogique, animateur de l’une des tables rondes a fait sous le titre &#171;&nbsp;Evaluation&nbsp;: La méthode Antibi fête son avenir&nbsp;&#187;, un&nbsp;(...)</p>
</blockquote>
