{"version":"1.0","type":"rich","provider_name":"Site Pagestec","provider_url":"https:\/\/www.pagestec.org","title":"Loi Brisson&nbsp;: Le S\u00e9nat explose l\u2019Ecole","author_name":"Pagestec","width":"480","height":"295","url":"https:\/\/pagestec.org\/article4102.html","html":"\u003Ch4 class='title'\u003E\u003Ca href='https:\/\/pagestec.org\/article4102.html'\u003ELoi Brisson&nbsp;: Le S\u00e9nat explose l\u2019Ecole\u003C\/a\u003E\u003C\/h4\u003E\u003Cblockquote class='spip'\u003E\n\u003Cp\u003ELa majorit\u00e9 de droite du S\u00e9nat a adopt\u00e9 le 11 avril la proposition de loi Brisson &#171;&nbsp;pour l\u2019\u00e9cole de la libert\u00e9, de l\u2019\u00e9galit\u00e9 des chances et de la la\u00efcit\u00e9&nbsp;&#187;. Elle durcit tous les marqueurs id\u00e9ologiques du texte par exemple pour tout ce qui concerne la conception droiti\u00e8re de la la\u00efcit\u00e9. Seul le port obligatoire de l\u2019uniforme par les \u00e9l\u00e8ves a \u00e9t\u00e9 retir\u00e9 du texte. Le texte doit maintenant passer \u00e0 l\u2019Assembl\u00e9e. Son adoption mettrait en concurrence les \u00e9tablissements publics, mettrait \u00e0 mal l\u2019\u00e9ducation prioritaire et&nbsp;(...)\u003C\/p\u003E\n\u003C\/blockquote\u003E\n"}

Loi Brisson&nbsp;: Le Sénat explose l’Ecole

<h4 class='title'><a href='https://pagestec.org/article4102.html'>Loi Brisson&nbsp;: Le Sénat explose l’Ecole</a></h4><blockquote class='spip'>
<p>La majorité de droite du Sénat a adopté le 11 avril la proposition de loi Brisson &#171;&nbsp;pour l’école de la liberté, de l’égalité des chances et de la laïcité&nbsp;&#187;. Elle durcit tous les marqueurs idéologiques du texte par exemple pour tout ce qui concerne la conception droitière de la laïcité. Seul le port obligatoire de l’uniforme par les élèves a été retiré du texte. Le texte doit maintenant passer à l’Assemblée. Son adoption mettrait en concurrence les établissements publics, mettrait à mal l’éducation prioritaire et&nbsp;(...)</p>
</blockquote>
