{"version":"1.0","type":"rich","provider_name":"Site Pagestec","provider_url":"https:\/\/www.pagestec.org","title":"Mus\u00e9e des Arts et M\u00e9tiers&nbsp;: visites flash au c\u0153ur des collections","author_name":"H\u00e9l\u00e8ne HORSIN MOLINARO","width":"480","height":"295","url":"https:\/\/pagestec.org\/article4103.html","html":"\u003Ch4 class='title'\u003E\u003Ca href='https:\/\/pagestec.org\/article4103.html'\u003EMus\u00e9e des Arts et M\u00e9tiers&nbsp;: visites flash au c\u0153ur des collections\u003C\/a\u003E\u003C\/h4\u003E\u003Cblockquote class='spip'\u003E\n\u003Cp\u003EMus\u00e9e des Arts et M\u00e9tiers&nbsp;: visites flash au c\u0153ur des collections Les dimanches et du mardi au vendredi pendant les vacances scolaires (de la zone C), au c\u0153ur des collections permanentes, les...\u003C\/p\u003E\n\u003C\/blockquote\u003E\n"}

Musée des Arts et Métiers&nbsp;: visites flash au cœur des collections

Hélène HORSIN MOLINARO

<h4 class='title'><a href='https://pagestec.org/article4103.html'>Musée des Arts et Métiers&nbsp;: visites flash au cœur des collections</a></h4><blockquote class='spip'>
<p>Musée des Arts et Métiers&nbsp;: visites flash au cœur des collections Les dimanches et du mardi au vendredi pendant les vacances scolaires (de la zone C), au cœur des collections permanentes, les...</p>
</blockquote>
