{"version":"1.0","type":"rich","provider_name":"Site Pagestec","provider_url":"https:\/\/www.pagestec.org","title":"La rentr\u00e9e des professeurs de technologie sur France Inter","author_name":"Pagestec","width":"480","height":"295","url":"https:\/\/pagestec.org\/article4165.html","html":"\u003Ch4 class='title'\u003E\u003Ca href='https:\/\/pagestec.org\/article4165.html'\u003ELa rentr\u00e9e des professeurs de technologie sur France Inter\u003C\/a\u003E\u003C\/h4\u003E\u003Cblockquote class='spip'\u003E\n\u003Cp\u003ELe \"mauvais\" sort de nombre de coll\u00e8gues de technologie pour cette rentr\u00e9e 2023 abord\u00e9 au journal 08h00 du lundi 11 septembre sur France Inter.\n\u003Cbr class='autobr' \/\u003E\nMerci \u00e0 Sonia Princet pour son reportage.\n\u003Cbr class='autobr' \/\u003E\nLe podcast en cliquant sur le lien suivant, \u00e0 \u00e9couter \u00e0 partir de 8 minutes.\u003C\/p\u003E\n\u003C\/blockquote\u003E\n"}

La rentrée des professeurs de technologie sur France Inter

<h4 class='title'><a href='https://pagestec.org/article4165.html'>La rentrée des professeurs de technologie sur France Inter</a></h4><blockquote class='spip'>
<p>Le "mauvais" sort de nombre de collègues de technologie pour cette rentrée 2023 abordé au journal 08h00 du lundi 11 septembre sur France Inter.
<br class='autobr' />
Merci à Sonia Princet pour son reportage.
<br class='autobr' />
Le podcast en cliquant sur le lien suivant, à écouter à partir de 8 minutes.</p>
</blockquote>
