{"version":"1.0","type":"rich","provider_name":"Site Pagestec","provider_url":"https:\/\/www.pagestec.org","title":"Avis de l\u2019association Pagestec sur le projet de programme de Technologie - cycle 4","author_name":"Pagestec","width":"480","height":"295","url":"https:\/\/pagestec.org\/article4175.html","html":"\u003Ch4 class='title'\u003E\u003Ca href='https:\/\/pagestec.org\/article4175.html'\u003EAvis de l\u2019association Pagestec sur le projet de programme de Technologie - cycle 4\u003C\/a\u003E\u003C\/h4\u003E\u003Cblockquote class='spip'\u003E\n\u003Cp\u003EL\u2019association Pagestec, ainsi que l\u2019Assetec et l\u2019AEET ont \u00e9t\u00e9 re\u00e7ues ce vendredi 28 septembre 2023 \u00e0 la DGESCO afin de discuter du projet de programme de Technologie cycle 4, programme cens\u00e9 rentrer en vigueur \u00e0 la rentr\u00e9e 2024.\n\u003Cbr class='autobr' \/\u003E\nXavier, notre Pr\u00e9sident, vous fera tout prochainement un retour de cette entrevue sur nos listes de diffusion pour les abonn\u00e9s et adh\u00e9rents. En attendant, voici les remarques et r\u00e9flexions de Pagestec soumises \u00e0 la DGESCO.\n\u003Cbr class='autobr' \/\u003E\n  \n\n   \n\u003Cbr class='autobr' \/\u003E\n&lt;&nbsp;!&mdash;&lt;&nbsp;![endif]&mdash;\u003E&nbsp;(...)\u003C\/p\u003E\n\u003C\/blockquote\u003E\n"}

<h4 class='title'><a href='https://pagestec.org/article4175.html'>Avis de l’association Pagestec sur le projet de programme de Technologie - cycle 4</a></h4><blockquote class='spip'>
<p>L’association Pagestec, ainsi que l’Assetec et l’AEET ont été reçues ce vendredi 28 septembre 2023 à la DGESCO afin de discuter du projet de programme de Technologie cycle 4, programme censé rentrer en vigueur à la rentrée 2024.
<br class='autobr' />
Xavier, notre Président, vous fera tout prochainement un retour de cette entrevue sur nos listes de diffusion pour les abonnés et adhérents. En attendant, voici les remarques et réflexions de Pagestec soumises à la DGESCO.
<br class='autobr' />
  

   
<br class='autobr' />
&lt;&nbsp;!&mdash;&lt;&nbsp;![endif]&mdash;>&nbsp;(...)</p>
</blockquote>
