{"version":"1.0","type":"rich","provider_name":"Site Pagestec","provider_url":"https:\/\/www.pagestec.org","title":"CSE&nbsp;: nouveau d\u00e9saveu pour la politique minist\u00e9rielle","author_name":"Pagestec","width":"480","height":"295","url":"https:\/\/pagestec.org\/article4232.html","html":"\u003Ch4 class='title'\u003E\u003Ca href='https:\/\/pagestec.org\/article4232.html'\u003ECSE&nbsp;: nouveau d\u00e9saveu pour la politique minist\u00e9rielle\u003C\/a\u003E\u003C\/h4\u003E\u003Cblockquote class='spip'\u003E\n\u003Cp\u003Eouveau d\u00e9saveu pour la politique minist\u00e9rielle. Lors du Conseil sup\u00e9rieur de l\u2019\u00e9ducation, auquel la nouvelle ministre n\u2019a pas assist\u00e9, la FSU, le SE-UNSA, FO, SUD, la FCPE, le Sgen-CFDT, la Fep-CFDT, la CGT, la CFTC et la CFE-CGC ont pr\u00e9sent\u00e9 un v\u0153u commun pour le retour de l\u2019heure de technologie.\n\u003Cbr class='autobr' \/\u003E\nLa suite de l\u2019article en cliquant sur le lien suivant&nbsp;:\u003C\/p\u003E\n\u003C\/blockquote\u003E\n"}

CSE&nbsp;: nouveau désaveu pour la politique ministérielle

<h4 class='title'><a href='https://pagestec.org/article4232.html'>CSE&nbsp;: nouveau désaveu pour la politique ministérielle</a></h4><blockquote class='spip'>
<p>ouveau désaveu pour la politique ministérielle. Lors du Conseil supérieur de l’éducation, auquel la nouvelle ministre n’a pas assisté, la FSU, le SE-UNSA, FO, SUD, la FCPE, le Sgen-CFDT, la Fep-CFDT, la CGT, la CFTC et la CFE-CGC ont présenté un vœu commun pour le retour de l’heure de technologie.
<br class='autobr' />
La suite de l’article en cliquant sur le lien suivant&nbsp;:</p>
</blockquote>
