{"version":"1.0","type":"rich","provider_name":"Site Pagestec","provider_url":"https:\/\/www.pagestec.org","title":"Groupes de niveau&nbsp;: r\u00e9trop\u00e9dalage du gouvernement","author_name":"Lilia Ben Hamouda","width":"480","height":"295","url":"https:\/\/pagestec.org\/article4284.html","html":"\u003Ch4 class='title'\u003E\u003Ca href='https:\/\/pagestec.org\/article4284.html'\u003EGroupes de niveau&nbsp;: r\u00e9trop\u00e9dalage du gouvernement\u003C\/a\u003E\u003C\/h4\u003E\u003Cblockquote class='spip'\u003E\n\u003Cp\u003EArticle mis \u00e0 jour le 7 mars \u00e0 15h10 \u2013 ajout de r\u00e9actions syndicales \n\u003Cbr class='autobr' \/\u003E\nLes \u00e9l\u00e8ves de sixi\u00e8me et cinqui\u00e8me seront-ils r\u00e9partis dans des groupes de niveau \u00e0 la rentr\u00e9e prochaine&nbsp;? &#171;&nbsp;\u00c0 titre d\u00e9rogatoire, et sous la responsabilit\u00e9 des chefs d\u2019\u00e9tablissement, il sera possible de pr\u00e9server des temps d\u2019enseignement en classe enti\u00e8re en fran\u00e7ais et en math\u00e9matiques&nbsp;&#187;, indique-t-on au minist\u00e8re de l\u2019\u00c9ducation nationale. Une fa\u00e7on de reculer sans perdre la face pour le gouvernement sur la mesure phare du Premier ministre&nbsp;(...)\u003C\/p\u003E\n\u003C\/blockquote\u003E\n"}

Groupes de niveau&nbsp;: rétropédalage du gouvernement

<h4 class='title'><a href='https://pagestec.org/article4284.html'>Groupes de niveau&nbsp;: rétropédalage du gouvernement</a></h4><blockquote class='spip'>
<p>Article mis à jour le 7 mars à 15h10 – ajout de réactions syndicales 
<br class='autobr' />
Les élèves de sixième et cinquième seront-ils répartis dans des groupes de niveau à la rentrée prochaine&nbsp;? &#171;&nbsp;À titre dérogatoire, et sous la responsabilité des chefs d’établissement, il sera possible de préserver des temps d’enseignement en classe entière en français et en mathématiques&nbsp;&#187;, indique-t-on au ministère de l’Éducation nationale. Une façon de reculer sans perdre la face pour le gouvernement sur la mesure phare du Premier ministre&nbsp;(...)</p>
</blockquote>
