{"version":"1.0","type":"rich","provider_name":"Site Pagestec","provider_url":"https:\/\/www.pagestec.org","title":"Groupes de niveau ou de besoin au coll\u00e8ge&nbsp;: o\u00f9 est pass\u00e9e l\u2019autonomie des \u00e9tablissements&nbsp;?","author_name":"Caf\u00e9 p\u00e9dagogique","width":"480","height":"295","url":"https:\/\/pagestec.org\/article4296.html","html":"\u003Ch4 class='title'\u003E\u003Ca href='https:\/\/pagestec.org\/article4296.html'\u003EGroupes de niveau ou de besoin au coll\u00e8ge&nbsp;: o\u00f9 est pass\u00e9e l\u2019autonomie des \u00e9tablissements&nbsp;?\u003C\/a\u003E\u003C\/h4\u003E\u003Cblockquote class='spip'\u003E\n\u003Cp\u003EEt si les chefs d\u2019\u00e9tablissement avaient toute latitude pour ne pas appliquer les groupes de besoin\/niveau tant voulus par le Premier ministre&nbsp;? Jean-Paul Delahaye, Inspecteur g\u00e9n\u00e9ral de l\u2019\u00e9ducation nationale honoraire et ancien DGESCO, rappelle le cadre juridique des EPLE (\u00e9tablissement public local (...)\u003C\/p\u003E\n\u003C\/blockquote\u003E\n"}

Groupes de niveau ou de besoin au collège&nbsp;: où est passée l’autonomie des établissements&nbsp;?

Café pédagogique

<h4 class='title'><a href='https://pagestec.org/article4296.html'>Groupes de niveau ou de besoin au collège&nbsp;: où est passée l’autonomie des établissements&nbsp;?</a></h4><blockquote class='spip'>
<p>Et si les chefs d’établissement avaient toute latitude pour ne pas appliquer les groupes de besoin/niveau tant voulus par le Premier ministre&nbsp;? Jean-Paul Delahaye, Inspecteur général de l’éducation nationale honoraire et ancien DGESCO, rappelle le cadre juridique des EPLE (établissement public local (...)</p>
</blockquote>
