{"version":"1.0","type":"rich","provider_name":"Site Pagestec","provider_url":"https:\/\/www.pagestec.org","title":"Douzi\u00e8me \u00e9dition du barom\u00e8tre des m\u00e9tiers de l\u2019UNSA","author_name":"Caf\u00e9 p\u00e9dagogique","width":"480","height":"295","url":"https:\/\/pagestec.org\/article4312.html","html":"\u003Ch4 class='title'\u003E\u003Ca href='https:\/\/pagestec.org\/article4312.html'\u003EDouzi\u00e8me \u00e9dition du barom\u00e8tre des m\u00e9tiers de l\u2019UNSA\u003C\/a\u003E\u003C\/h4\u003E\u003Cblockquote class='spip'\u003E\n\u003Cp\u003EC\u2019est reparti pour le barom\u00e8tre UNSA des m\u00e9tiers. Pour sa 12\u00e8me \u00e9dition, le syndicat invite les personnels des champs minist\u00e9riels syndiqu\u00e9s par l\u2019UNSA \u00c9ducation \u00e0 renseigner l\u2019enqu\u00eate entre le 5 mai et le 5 juin. &#171;&nbsp;Le barom\u00e8tre UNSA des m\u00e9tiers est attendu par le monde de l\u2019\u00e9ducation et par les m\u00e9dias en (...)\u003C\/p\u003E\n\u003C\/blockquote\u003E\n"}

Douzième édition du baromètre des métiers de l’UNSA

Café pédagogique

<h4 class='title'><a href='https://pagestec.org/article4312.html'>Douzième édition du baromètre des métiers de l’UNSA</a></h4><blockquote class='spip'>
<p>C’est reparti pour le baromètre UNSA des métiers. Pour sa 12ème édition, le syndicat invite les personnels des champs ministériels syndiqués par l’UNSA Éducation à renseigner l’enquête entre le 5 mai et le 5 juin. &#171;&nbsp;Le baromètre UNSA des métiers est attendu par le monde de l’éducation et par les médias en (...)</p>
</blockquote>
