{"version":"1.0","type":"rich","provider_name":"Site Pagestec","provider_url":"https:\/\/www.pagestec.org","title":"Les groupes de niveau se dotent d\u2019un Vademecum","author_name":"Caf\u00e9 p\u00e9dagogique","width":"480","height":"295","url":"https:\/\/pagestec.org\/article4320.html","html":"\u003Ch4 class='title'\u003E\u003Ca href='https:\/\/pagestec.org\/article4320.html'\u003ELes groupes de niveau se dotent d\u2019un Vademecum\u003C\/a\u003E\u003C\/h4\u003E\u003Cblockquote class='spip'\u003E\n\u003Cp\u003ED\u00e8s septembre prochain, l\u2019organisation du coll\u00e8ge, notamment des classes de 6e et 5e, sera chamboul\u00e9e. Les groupes de niveau, mesure phare du choc des savoirs annonc\u00e9e par Gabriel Attal alors ministre de l\u2019\u00c9ducation nationale, transform\u00e9s en groupes de besoin sous Nicole Belloubet seront mis en place (...)\u003C\/p\u003E\n\u003C\/blockquote\u003E\n"}

Café pédagogique

<h4 class='title'><a href='https://pagestec.org/article4320.html'>Les groupes de niveau se dotent d’un Vademecum</a></h4><blockquote class='spip'>
<p>Dès septembre prochain, l’organisation du collège, notamment des classes de 6e et 5e, sera chamboulée. Les groupes de niveau, mesure phare du choc des savoirs annoncée par Gabriel Attal alors ministre de l’Éducation nationale, transformés en groupes de besoin sous Nicole Belloubet seront mis en place (...)</p>
</blockquote>
