{"version":"1.0","type":"rich","provider_name":"Site Pagestec","provider_url":"https:\/\/www.pagestec.org","title":"&#171;&nbsp;Les ann\u00e9es Macron sur le champ de l\u2019\u00e9ducation vont laisser des traces&nbsp;&#187;","author_name":"Caf\u00e9 p\u00e9dagogique","width":"480","height":"295","url":"https:\/\/pagestec.org\/article4431.html","html":"\u003Ch4 class='title'\u003E\u003Ca href='https:\/\/pagestec.org\/article4431.html'\u003E&#171;&nbsp;Les ann\u00e9es Macron sur le champ de l\u2019\u00e9ducation vont laisser des traces&nbsp;&#187;\u003C\/a\u003E\u003C\/h4\u003E\u003Cblockquote class='spip'\u003E\n\u003Cp\u003E&#171;&nbsp;On alerte sur un mal-\u00eatre syst\u00e9mique&nbsp;&#187;. Mardi 17 septembre 2024, UNSA \u00e9ducation a pr\u00e9sent\u00e9 les r\u00e9sultats du barom\u00e8tre du m\u00e9tier dont il prend la temp\u00e9rature depuis 2013. Cette ann\u00e9e, L\u2019article &#171;&nbsp;Les ann\u00e9es Macron sur le champ de l\u2019\u00e9ducation vont laisser des traces&nbsp;&#187; est apparu en premier sur Le Caf\u00e9 (...)\u003C\/p\u003E\n\u003C\/blockquote\u003E\n"}

&#171;&nbsp;Les années Macron sur le champ de l’éducation vont laisser des traces&nbsp;&#187;

Café pédagogique

<h4 class='title'><a href='https://pagestec.org/article4431.html'>&#171;&nbsp;Les années Macron sur le champ de l’éducation vont laisser des traces&nbsp;&#187;</a></h4><blockquote class='spip'>
<p>&#171;&nbsp;On alerte sur un mal-être systémique&nbsp;&#187;. Mardi 17 septembre 2024, UNSA éducation a présenté les résultats du baromètre du métier dont il prend la température depuis 2013. Cette année, L’article &#171;&nbsp;Les années Macron sur le champ de l’éducation vont laisser des traces&nbsp;&#187; est apparu en premier sur Le Café (...)</p>
</blockquote>
