{"version":"1.0","type":"rich","provider_name":"Site Pagestec","provider_url":"https:\/\/www.pagestec.org","title":"Anne Genetet&nbsp;: une macroniste pour la rue de Grenelle","author_name":"Caf\u00e9 p\u00e9dagogique","width":"480","height":"295","url":"https:\/\/pagestec.org\/article4437.html","html":"\u003Ch4 class='title'\u003E\u003Ca href='https:\/\/pagestec.org\/article4437.html'\u003EAnne Genetet&nbsp;: une macroniste pour la rue de Grenelle\u003C\/a\u003E\u003C\/h4\u003E\u003Cblockquote class='spip'\u003E\n\u003Cp\u003EAnne Genetet passe de la commission d\u00e9fense au minist\u00e8re de l\u2019\u00c9ducation nationale ce 21 septembre 2024. Le ton est-il donn\u00e9&nbsp;? La d\u00e9put\u00e9e macroniste des Fran\u00e7ais de l\u2019\u00e9tranger est une L\u2019article Anne Genetet&nbsp;: une macroniste pour la rue de Grenelle est apparu en premier sur Le Caf\u00e9 (...)\u003C\/p\u003E\n\u003C\/blockquote\u003E\n"}

Café pédagogique

<h4 class='title'><a href='https://pagestec.org/article4437.html'>Anne Genetet&nbsp;: une macroniste pour la rue de Grenelle</a></h4><blockquote class='spip'>
<p>Anne Genetet passe de la commission défense au ministère de l’Éducation nationale ce 21 septembre 2024. Le ton est-il donné&nbsp;? La députée macroniste des Français de l’étranger est une L’article Anne Genetet&nbsp;: une macroniste pour la rue de Grenelle est apparu en premier sur Le Café (...)</p>
</blockquote>
