{"version":"1.0","type":"rich","provider_name":"Site Pagestec","provider_url":"https:\/\/www.pagestec.org","title":"Le minist\u00e8re penche vraiment \u00e0 droite avec Alexandre Portier","author_name":"Caf\u00e9 p\u00e9dagogique","width":"480","height":"295","url":"https:\/\/pagestec.org\/article4438.html","html":"\u003Ch4 class='title'\u003E\u003Ca href='https:\/\/pagestec.org\/article4438.html'\u003ELe minist\u00e8re penche vraiment \u00e0 droite avec Alexandre Portier\u003C\/a\u003E\u003C\/h4\u003E\u003Cblockquote class='spip'\u003E\n\u003Cp\u003ELe choix du d\u00e9put\u00e9 Alexandre Portier (LR) aux c\u00f4t\u00e9s de la ministre de l\u2019\u00c9ducation nationale macroniste Anne Genetet est un signal fort. Que nous dit ou confirme cette nomination du L\u2019article Le minist\u00e8re penche vraiment \u00e0 droite avec Alexandre Portier est apparu en premier sur Le Caf\u00e9 (...)\u003C\/p\u003E\n\u003C\/blockquote\u003E\n"}

Le ministère penche vraiment à droite avec Alexandre Portier

Café pédagogique

<h4 class='title'><a href='https://pagestec.org/article4438.html'>Le ministère penche vraiment à droite avec Alexandre Portier</a></h4><blockquote class='spip'>
<p>Le choix du député Alexandre Portier (LR) aux côtés de la ministre de l’Éducation nationale macroniste Anne Genetet est un signal fort. Que nous dit ou confirme cette nomination du L’article Le ministère penche vraiment à droite avec Alexandre Portier est apparu en premier sur Le Café (...)</p>
</blockquote>
